{"id":14348,"date":"2024-12-10T12:41:17","date_gmt":"2024-12-10T12:41:17","guid":{"rendered":"https:\/\/pararepublique.com\/?post_type=product&#038;p=14348"},"modified":"2024-12-10T12:41:18","modified_gmt":"2024-12-10T12:41:18","slug":"chicco-coffret-dentition-bleu-12m","status":"publish","type":"product","link":"https:\/\/pararepublique.com\/index.php\/product\/chicco-coffret-dentition-bleu-12m\/","title":{"rendered":"CHICCO COFFRET DENTITION BLEU 12M+"},"content":{"rendered":"<p>Set dentaire pour enfants et b\u00e9b\u00e9s de marque Chicco, en bleu. Il s&rsquo;agit d&rsquo;un ensemble permettant de conserver les produits d&rsquo;hygi\u00e8ne buccale. Il contient un dentifrice fluor\u00e9 de 50 ml au go\u00fbt de fraise. Avec du xylitol, pour prendre soin des dents de lait. Contient une brosse \u00e0 dents avec un capuchon pour \u00e9viter les bact\u00e9ries. Il poss\u00e8de une t\u00eate petite et ovale pour \u00e9viter d&rsquo;endommager la cavit\u00e9 buccale des enfants. Convient aux enfants \u00e0 partir de 12 mois. Avec un sac \u00e0 fermeture \u00e9clair.<\/p>\n","protected":false},"excerpt":{"rendered":"<ul class=\"a-unordered-list a-vertical a-spacing-mini\">\n<li class=\"a-spacing-mini\"><span class=\"a-list-item\"> Aide \u00e0 pr\u00e9venir les caries dentaires <\/span><\/li>\n<li class=\"a-spacing-mini\"><span class=\"a-list-item\"> Id\u00e9al pour tous les enfants de moins de 3 ans <\/span><\/li>\n<li class=\"a-spacing-mini\"><span class=\"a-list-item\"> N&rsquo;endommage pas les dents de lait <\/span><\/li>\n<\/ul>\n","protected":false},"featured_media":14349,"comment_status":"open","ping_status":"closed","template":"","meta":{"inline_featured_image":false,"_monsterinsights_skip_tracking":false,"_monsterinsights_sitenote_active":false,"_monsterinsights_sitenote_note":"","_monsterinsights_sitenote_category":0,"_joinchat":[]},"product_cat":[151],"product_tag":[],"class_list":{"0":"post-14348","1":"product","2":"type-product","3":"status-publish","4":"has-post-thumbnail","6":"product_cat-chicco","8":"first","9":"instock","10":"shipping-taxable","11":"purchasable","12":"product-type-simple","13":"add-to-wishlist-after_add_to_cart"},"aioseo_notices":[],"_links":{"self":[{"href":"https:\/\/pararepublique.com\/index.php\/wp-json\/wp\/v2\/product\/14348","targetHints":{"allow":["GET"]}}],"collection":[{"href":"https:\/\/pararepublique.com\/index.php\/wp-json\/wp\/v2\/product"}],"about":[{"href":"https:\/\/pararepublique.com\/index.php\/wp-json\/wp\/v2\/types\/product"}],"replies":[{"embeddable":true,"href":"https:\/\/pararepublique.com\/index.php\/wp-json\/wp\/v2\/comments?post=14348"}],"version-history":[{"count":1,"href":"https:\/\/pararepublique.com\/index.php\/wp-json\/wp\/v2\/product\/14348\/revisions"}],"predecessor-version":[{"id":14350,"href":"https:\/\/pararepublique.com\/index.php\/wp-json\/wp\/v2\/product\/14348\/revisions\/14350"}],"wp:featuredmedia":[{"embeddable":true,"href":"https:\/\/pararepublique.com\/index.php\/wp-json\/wp\/v2\/media\/14349"}],"wp:attachment":[{"href":"https:\/\/pararepublique.com\/index.php\/wp-json\/wp\/v2\/media?parent=14348"}],"wp:term":[{"taxonomy":"product_cat","embeddable":true,"href":"https:\/\/pararepublique.com\/index.php\/wp-json\/wp\/v2\/product_cat?post=14348"},{"taxonomy":"product_tag","embeddable":true,"href":"https:\/\/pararepublique.com\/index.php\/wp-json\/wp\/v2\/product_tag?post=14348"}],"curies":[{"name":"wp","href":"https:\/\/api.w.org\/{rel}","templated":true}]}}