{"id":14421,"date":"2024-12-12T11:36:40","date_gmt":"2024-12-12T11:36:40","guid":{"rendered":"https:\/\/pararepublique.com\/?post_type=product&#038;p=14421"},"modified":"2024-12-12T11:36:40","modified_gmt":"2024-12-12T11:36:40","slug":"chicco-porte-sucette-double-rose-om","status":"publish","type":"product","link":"https:\/\/pararepublique.com\/index.php\/product\/chicco-porte-sucette-double-rose-om\/","title":{"rendered":"CHICCO PORTE SUCETTE DOUBLE ROSE OM+"},"content":{"rendered":"<p>Ce double support est un produit fabriqu\u00e9 en Italie, \u00e9tudi\u00e9 avec une attention aux d\u00e9tails, pour assurer l&rsquo;hygi\u00e8ne et la commodit\u00e9. Gr\u00e2ce \u00e0 sa structure constitu\u00e9e de 2 compartiments, il peut \u00eatre utilis\u00e9 pour le transport de 2 sucettes de mani\u00e8re hygi\u00e9nique, ou, avec un simple geste, il est possible de s\u00e9parer les deux compartiments et de les utiliser individuellement. En ins\u00e9rant le ruban dans les fentes appropri\u00e9es, vous pouvez facilement accrocher le porte-soudre au sac ou sur la poussette.<\/p>\n","protected":false},"excerpt":{"rendered":"<p>Facile \u00e0 attacher \u00e0 la fois \u00e0 la poussette et au sac.<\/p>\n<p>Convertible en support de sucette unique. La sucette sale reste s\u00e9par\u00e9e de la sucette propre.<\/p>\n<p>St\u00e9rillage \u00e0 chaud et \u00e0 froid (et non micro-ondes).<\/p>\n<p>En quelques gestes, il se transforme en 2 supports de sucette uniques.<\/p>\n<p>&nbsp;<\/p>\n<h3>Il brille dans l&rsquo;obscurit\u00e9<\/h3>\n<p>\u00c9galement disponible en version luminescente.<\/p>\n","protected":false},"featured_media":14422,"comment_status":"open","ping_status":"closed","template":"","meta":{"inline_featured_image":false,"_monsterinsights_skip_tracking":false,"_monsterinsights_sitenote_active":false,"_monsterinsights_sitenote_note":"","_monsterinsights_sitenote_category":0,"_joinchat":[]},"product_cat":[151],"product_tag":[],"class_list":{"0":"post-14421","1":"product","2":"type-product","3":"status-publish","4":"has-post-thumbnail","6":"product_cat-chicco","8":"first","9":"instock","10":"shipping-taxable","11":"product-type-simple","12":"add-to-wishlist-after_add_to_cart"},"aioseo_notices":[],"_links":{"self":[{"href":"https:\/\/pararepublique.com\/index.php\/wp-json\/wp\/v2\/product\/14421","targetHints":{"allow":["GET"]}}],"collection":[{"href":"https:\/\/pararepublique.com\/index.php\/wp-json\/wp\/v2\/product"}],"about":[{"href":"https:\/\/pararepublique.com\/index.php\/wp-json\/wp\/v2\/types\/product"}],"replies":[{"embeddable":true,"href":"https:\/\/pararepublique.com\/index.php\/wp-json\/wp\/v2\/comments?post=14421"}],"version-history":[{"count":1,"href":"https:\/\/pararepublique.com\/index.php\/wp-json\/wp\/v2\/product\/14421\/revisions"}],"predecessor-version":[{"id":14423,"href":"https:\/\/pararepublique.com\/index.php\/wp-json\/wp\/v2\/product\/14421\/revisions\/14423"}],"wp:featuredmedia":[{"embeddable":true,"href":"https:\/\/pararepublique.com\/index.php\/wp-json\/wp\/v2\/media\/14422"}],"wp:attachment":[{"href":"https:\/\/pararepublique.com\/index.php\/wp-json\/wp\/v2\/media?parent=14421"}],"wp:term":[{"taxonomy":"product_cat","embeddable":true,"href":"https:\/\/pararepublique.com\/index.php\/wp-json\/wp\/v2\/product_cat?post=14421"},{"taxonomy":"product_tag","embeddable":true,"href":"https:\/\/pararepublique.com\/index.php\/wp-json\/wp\/v2\/product_tag?post=14421"}],"curies":[{"name":"wp","href":"https:\/\/api.w.org\/{rel}","templated":true}]}}