{"id":14450,"date":"2024-12-12T12:49:48","date_gmt":"2024-12-12T12:49:48","guid":{"rendered":"https:\/\/pararepublique.com\/?post_type=product&#038;p=14450"},"modified":"2024-12-12T12:49:48","modified_gmt":"2024-12-12T12:49:48","slug":"chicco-sucette-bleue-meuve","status":"publish","type":"product","link":"https:\/\/pararepublique.com\/index.php\/product\/chicco-sucette-bleue-meuve\/","title":{"rendered":"CHICCO SUCETTE BLEUE MEUVE"},"content":{"rendered":"<ul class=\"a-unordered-list a-vertical a-spacing-mini\">\n<li class=\"a-spacing-mini\"><span class=\"a-list-item\"> La forme ergonomique laisse un grand espace aux zones du nez et du menton, facilitant le mouvement et la respiration ; la sucette s&rsquo;appuie sur le visage seulement avec 4 petites zones convexes, assurant une excellente d\u00e9licatesse <\/span><\/li>\n<li class=\"a-spacing-mini\"><span class=\"a-list-item\"> La zone \u00e0 la base de la t\u00e9tine est large et bien espac\u00e9e du visage, de mani\u00e8re \u00e0 laisser place au mouvement naturel des l\u00e8vres pendant la succion <\/span><\/li>\n<li class=\"a-spacing-mini\"><span class=\"a-list-item\"> La poitrine active en silicone est un mat\u00e9riau transparent et hygi\u00e9nique <\/span><\/li>\n<li class=\"a-spacing-mini\"><span class=\"a-list-item\"> est sans go\u00fbt et Sans odeur et ne se d\u00e9forme pas au fil du temps <\/span><\/li>\n<li class=\"a-spacing-mini\"><span class=\"a-list-item\"> La sucette se pose sur le visage seulement avec 4 petites zones convexes, garantissant douceur <\/span><\/li>\n<li class=\"a-spacing-mini\"><span class=\"a-list-item\"> Important : vous pouvez recevoir une sucette de 12 M+ ou une sucette de 16 \u2013 36 M+ <\/span><\/li>\n<\/ul>\n","protected":false},"excerpt":{"rendered":"<p><span class=\"a-list-item\">La forme ergonomique laisse un grand espace aux zones du nez et du menton, facilitant le mouvement et la respiration ; la sucette s&rsquo;appuie sur le visage seulement avec 4 petites zones convexes, assurant une excellente d\u00e9licatesse <\/span><\/p>\n","protected":false},"featured_media":14451,"comment_status":"open","ping_status":"closed","template":"","meta":{"inline_featured_image":false,"_monsterinsights_skip_tracking":false,"_monsterinsights_sitenote_active":false,"_monsterinsights_sitenote_note":"","_monsterinsights_sitenote_category":0,"_joinchat":[]},"product_cat":[151],"product_tag":[],"class_list":{"0":"post-14450","1":"product","2":"type-product","3":"status-publish","4":"has-post-thumbnail","6":"product_cat-chicco","8":"first","9":"instock","10":"shipping-taxable","11":"purchasable","12":"product-type-simple","13":"add-to-wishlist-after_add_to_cart"},"aioseo_notices":[],"_links":{"self":[{"href":"https:\/\/pararepublique.com\/index.php\/wp-json\/wp\/v2\/product\/14450","targetHints":{"allow":["GET"]}}],"collection":[{"href":"https:\/\/pararepublique.com\/index.php\/wp-json\/wp\/v2\/product"}],"about":[{"href":"https:\/\/pararepublique.com\/index.php\/wp-json\/wp\/v2\/types\/product"}],"replies":[{"embeddable":true,"href":"https:\/\/pararepublique.com\/index.php\/wp-json\/wp\/v2\/comments?post=14450"}],"version-history":[{"count":2,"href":"https:\/\/pararepublique.com\/index.php\/wp-json\/wp\/v2\/product\/14450\/revisions"}],"predecessor-version":[{"id":14453,"href":"https:\/\/pararepublique.com\/index.php\/wp-json\/wp\/v2\/product\/14450\/revisions\/14453"}],"wp:featuredmedia":[{"embeddable":true,"href":"https:\/\/pararepublique.com\/index.php\/wp-json\/wp\/v2\/media\/14451"}],"wp:attachment":[{"href":"https:\/\/pararepublique.com\/index.php\/wp-json\/wp\/v2\/media?parent=14450"}],"wp:term":[{"taxonomy":"product_cat","embeddable":true,"href":"https:\/\/pararepublique.com\/index.php\/wp-json\/wp\/v2\/product_cat?post=14450"},{"taxonomy":"product_tag","embeddable":true,"href":"https:\/\/pararepublique.com\/index.php\/wp-json\/wp\/v2\/product_tag?post=14450"}],"curies":[{"name":"wp","href":"https:\/\/api.w.org\/{rel}","templated":true}]}}