{"id":14487,"date":"2024-12-12T14:45:05","date_gmt":"2024-12-12T14:45:05","guid":{"rendered":"https:\/\/pararepublique.com\/?post_type=product&#038;p=14487"},"modified":"2024-12-12T14:45:05","modified_gmt":"2024-12-12T14:45:05","slug":"chicco-eau-de-cologne-traditional","status":"publish","type":"product","link":"https:\/\/pararepublique.com\/index.php\/product\/chicco-eau-de-cologne-traditional\/","title":{"rendered":"CHICCO EAU DE COLOGNE TRADITIONAL"},"content":{"rendered":"<p>Un parfum qui enveloppe votre b\u00e9b\u00e9 dans une \u00e9treinte douce &#8211; Chicco Baby Moments Baby Smell Eau de Parfum am\u00e9liore le parfum naturel de votre b\u00e9b\u00e9. Son ar\u00f4me doux et rafra\u00eechissant est cr\u00e9\u00e9 avec une prise en compte maximale de la peau sensible des enfants. Avec une composition contenant 96 % d&rsquo;ingr\u00e9dients naturels, vous pouvez \u00eatre s\u00fbr que votre b\u00e9b\u00e9 est entour\u00e9 des meilleurs.<\/p>\n","protected":false},"excerpt":{"rendered":"<p>pour les enfants \u00e0 la naissance 100 ml<\/p>\n","protected":false},"featured_media":14488,"comment_status":"open","ping_status":"closed","template":"","meta":{"inline_featured_image":false,"_monsterinsights_skip_tracking":false,"_monsterinsights_sitenote_active":false,"_monsterinsights_sitenote_note":"","_monsterinsights_sitenote_category":0,"_joinchat":[]},"product_cat":[151],"product_tag":[],"class_list":{"0":"post-14487","1":"product","2":"type-product","3":"status-publish","4":"has-post-thumbnail","6":"product_cat-chicco","8":"first","9":"instock","10":"shipping-taxable","11":"purchasable","12":"product-type-simple","13":"add-to-wishlist-after_add_to_cart"},"aioseo_notices":[],"_links":{"self":[{"href":"https:\/\/pararepublique.com\/index.php\/wp-json\/wp\/v2\/product\/14487","targetHints":{"allow":["GET"]}}],"collection":[{"href":"https:\/\/pararepublique.com\/index.php\/wp-json\/wp\/v2\/product"}],"about":[{"href":"https:\/\/pararepublique.com\/index.php\/wp-json\/wp\/v2\/types\/product"}],"replies":[{"embeddable":true,"href":"https:\/\/pararepublique.com\/index.php\/wp-json\/wp\/v2\/comments?post=14487"}],"version-history":[{"count":1,"href":"https:\/\/pararepublique.com\/index.php\/wp-json\/wp\/v2\/product\/14487\/revisions"}],"predecessor-version":[{"id":14489,"href":"https:\/\/pararepublique.com\/index.php\/wp-json\/wp\/v2\/product\/14487\/revisions\/14489"}],"wp:featuredmedia":[{"embeddable":true,"href":"https:\/\/pararepublique.com\/index.php\/wp-json\/wp\/v2\/media\/14488"}],"wp:attachment":[{"href":"https:\/\/pararepublique.com\/index.php\/wp-json\/wp\/v2\/media?parent=14487"}],"wp:term":[{"taxonomy":"product_cat","embeddable":true,"href":"https:\/\/pararepublique.com\/index.php\/wp-json\/wp\/v2\/product_cat?post=14487"},{"taxonomy":"product_tag","embeddable":true,"href":"https:\/\/pararepublique.com\/index.php\/wp-json\/wp\/v2\/product_tag?post=14487"}],"curies":[{"name":"wp","href":"https:\/\/api.w.org\/{rel}","templated":true}]}}