{"id":14490,"date":"2024-12-12T14:48:11","date_gmt":"2024-12-12T14:48:11","guid":{"rendered":"https:\/\/pararepublique.com\/?post_type=product&#038;p=14490"},"modified":"2024-12-12T14:48:12","modified_gmt":"2024-12-12T14:48:12","slug":"chicco-eau-de-parfum-100ml","status":"publish","type":"product","link":"https:\/\/pararepublique.com\/index.php\/product\/chicco-eau-de-parfum-100ml\/","title":{"rendered":"CHICCO EAU DE PARFUM 100ML"},"content":{"rendered":"<div id=\"tab-description\" class=\"woocommerce-Tabs-panel woocommerce-Tabs-panel--description panel entry-content wc-tab  current col-md-10 col-md-offset-1  woocommerce-Tabs-panel--section-on-mobile woocommerce-Tabs-panel--section-on-desktop\" role=\"tabpanel\" data-title=\"Description\" aria-labelledby=\"tab-title-description\">\n<p id=\"tw-target-text\" class=\"tw-data-text tw-text-large tw-ta\" dir=\"ltr\" data-placeholder=\"Traduction\" aria-label=\"Texte traduit\" data-ved=\"2ahUKEwiohruYv9uGAxVdQ6QEHYm4DwEQ3ewLegQIBRAU\"><span class=\"Y2IQFc\" lang=\"fr\">Parfum d\u00e9licat pour les enfants, sans alcool, pour un moment de cocooning. A tester pour les soir\u00e9es avec papa et maman ! Formul\u00e9e avec 96% d\u2019ingr\u00e9dients naturels et sans alcool, l\u2019eau parfum\u00e9e Baby Moments de Chicco est enrichie en extrait d\u2019amande douce et de p\u00eache rafra\u00eechissante : un parfum agr\u00e9able et doux qui compl\u00e8te la toilette de b\u00e9b\u00e9, \u00e0 utiliser apr\u00e8s le bain. douche ou \u00e0 tout moment de la journ\u00e9e. <\/span><\/p>\n<p class=\"tw-data-text tw-text-large tw-ta\" dir=\"ltr\" data-placeholder=\"Traduction\" aria-label=\"Texte traduit\" data-ved=\"2ahUKEwiohruYv9uGAxVdQ6QEHYm4DwEQ3ewLegQIBRAU\"><span class=\"Y2IQFc\" lang=\"fr\">Ne pas vaporiser sur les yeux. <\/span><\/p>\n<p class=\"tw-data-text tw-text-large tw-ta\" dir=\"ltr\" data-placeholder=\"Traduction\" aria-label=\"Texte traduit\" data-ved=\"2ahUKEwiohruYv9uGAxVdQ6QEHYm4DwEQ3ewLegQIBRAU\"><span class=\"Y2IQFc\" lang=\"fr\">Aux amandes et p\u00eaches Test\u00e9 dermatologiquement <\/span><\/p>\n<p class=\"tw-data-text tw-text-large tw-ta\" dir=\"ltr\" data-placeholder=\"Traduction\" aria-label=\"Texte traduit\" data-ved=\"2ahUKEwiohruYv9uGAxVdQ6QEHYm4DwEQ3ewLegQIBRAU\"><span class=\"Y2IQFc\" lang=\"fr\">Format <\/span><\/p>\n<p class=\"tw-data-text tw-text-large tw-ta\" dir=\"ltr\" data-placeholder=\"Traduction\" aria-label=\"Texte traduit\" data-ved=\"2ahUKEwiohruYv9uGAxVdQ6QEHYm4DwEQ3ewLegQIBRAU\"><span class=\"Y2IQFc\" lang=\"fr\">Flacon de 100 ml.<\/span><\/p>\n<\/div>\n","protected":false},"excerpt":{"rendered":"<p><span class=\"Y2IQFc\" lang=\"fr\">Parfum d\u00e9licat pour les enfants, sans alcool, pour un moment de cocooning. <\/span><\/p>\n","protected":false},"featured_media":14491,"comment_status":"open","ping_status":"closed","template":"","meta":{"inline_featured_image":false,"_monsterinsights_skip_tracking":false,"_monsterinsights_sitenote_active":false,"_monsterinsights_sitenote_note":"","_monsterinsights_sitenote_category":0,"_joinchat":[]},"product_cat":[151],"product_tag":[],"class_list":{"0":"post-14490","1":"product","2":"type-product","3":"status-publish","4":"has-post-thumbnail","6":"product_cat-chicco","8":"first","9":"instock","10":"shipping-taxable","11":"purchasable","12":"product-type-simple","13":"add-to-wishlist-after_add_to_cart"},"aioseo_notices":[],"_links":{"self":[{"href":"https:\/\/pararepublique.com\/index.php\/wp-json\/wp\/v2\/product\/14490","targetHints":{"allow":["GET"]}}],"collection":[{"href":"https:\/\/pararepublique.com\/index.php\/wp-json\/wp\/v2\/product"}],"about":[{"href":"https:\/\/pararepublique.com\/index.php\/wp-json\/wp\/v2\/types\/product"}],"replies":[{"embeddable":true,"href":"https:\/\/pararepublique.com\/index.php\/wp-json\/wp\/v2\/comments?post=14490"}],"version-history":[{"count":1,"href":"https:\/\/pararepublique.com\/index.php\/wp-json\/wp\/v2\/product\/14490\/revisions"}],"predecessor-version":[{"id":14492,"href":"https:\/\/pararepublique.com\/index.php\/wp-json\/wp\/v2\/product\/14490\/revisions\/14492"}],"wp:featuredmedia":[{"embeddable":true,"href":"https:\/\/pararepublique.com\/index.php\/wp-json\/wp\/v2\/media\/14491"}],"wp:attachment":[{"href":"https:\/\/pararepublique.com\/index.php\/wp-json\/wp\/v2\/media?parent=14490"}],"wp:term":[{"taxonomy":"product_cat","embeddable":true,"href":"https:\/\/pararepublique.com\/index.php\/wp-json\/wp\/v2\/product_cat?post=14490"},{"taxonomy":"product_tag","embeddable":true,"href":"https:\/\/pararepublique.com\/index.php\/wp-json\/wp\/v2\/product_tag?post=14490"}],"curies":[{"name":"wp","href":"https:\/\/api.w.org\/{rel}","templated":true}]}}