{"id":14509,"date":"2024-12-12T15:07:31","date_gmt":"2024-12-12T15:07:31","guid":{"rendered":"https:\/\/pararepublique.com\/?post_type=product&#038;p=14509"},"modified":"2024-12-12T15:07:31","modified_gmt":"2024-12-12T15:07:31","slug":"chicco-lait-apres-solel-200ml","status":"publish","type":"product","link":"https:\/\/pararepublique.com\/index.php\/product\/chicco-lait-apres-solel-200ml\/","title":{"rendered":"CHICCO LAIT APRES SOLEL 200ML"},"content":{"rendered":"<div id=\"tab-description\" class=\"woocommerce-Tabs-panel woocommerce-Tabs-panel--description panel entry-content wc-tab\" role=\"tabpanel\" aria-labelledby=\"tab-title-description\">\n<div class=\"container\">\n<p>Soulage la peau de votre b\u00e9b\u00e9, rafra\u00eechit, r\u00e9hydrate et aide \u00e0 r\u00e9duire les rougeurs.<br \/>\nLe soleil est un alli\u00e9 important pour la croissance de votre b\u00e9b\u00e9 car il stimule la synth\u00e8se de la vitamine D responsable du d\u00e9veloppement osseux. Cependant, la peau des plus petits est plus fine et plus d\u00e9licate il est donc primordial de toujours la prot\u00e9ger avec des produits solaires sp\u00e9cifiques et de toujours la r\u00e9hydrater apr\u00e8s exposition.<br \/>\nChicco After Sun Milk a une consistance cr\u00e9meuse facile \u00e0 appliquer. Il n\u2019est pas gras et s\u2019absorbe rapidement. Apporte soulagement et hydratation \u00e0 la peau apr\u00e8s une exposition au soleil. Sans parfum, alcool, colorants. Enrichi en huile de m\u00e9lisse et en beurre de karit\u00e9, il apaise, r\u00e9hydrate et renforce les d\u00e9fenses naturelles de la peau.<\/p>\n<p>Comment utiliser<br \/>\nAppliquer uniform\u00e9ment sur une peau propre et s\u00e8che apr\u00e8s l\u2019exposition au soleil. \u00c9viter le contact visuel.<\/p>\n<\/div>\n<\/div>\n","protected":false},"excerpt":{"rendered":"<p>Soulage la peau de votre b\u00e9b\u00e9, rafra\u00eechit, r\u00e9hydrate et aide \u00e0 r\u00e9duire les rougeurs.<\/p>\n","protected":false},"featured_media":14510,"comment_status":"open","ping_status":"closed","template":"","meta":{"inline_featured_image":false,"_monsterinsights_skip_tracking":false,"_monsterinsights_sitenote_active":false,"_monsterinsights_sitenote_note":"","_monsterinsights_sitenote_category":0,"_joinchat":[]},"product_cat":[151],"product_tag":[],"class_list":{"0":"post-14509","1":"product","2":"type-product","3":"status-publish","4":"has-post-thumbnail","6":"product_cat-chicco","8":"first","9":"instock","10":"shipping-taxable","11":"purchasable","12":"product-type-simple","13":"add-to-wishlist-after_add_to_cart"},"aioseo_notices":[],"_links":{"self":[{"href":"https:\/\/pararepublique.com\/index.php\/wp-json\/wp\/v2\/product\/14509","targetHints":{"allow":["GET"]}}],"collection":[{"href":"https:\/\/pararepublique.com\/index.php\/wp-json\/wp\/v2\/product"}],"about":[{"href":"https:\/\/pararepublique.com\/index.php\/wp-json\/wp\/v2\/types\/product"}],"replies":[{"embeddable":true,"href":"https:\/\/pararepublique.com\/index.php\/wp-json\/wp\/v2\/comments?post=14509"}],"version-history":[{"count":1,"href":"https:\/\/pararepublique.com\/index.php\/wp-json\/wp\/v2\/product\/14509\/revisions"}],"predecessor-version":[{"id":14511,"href":"https:\/\/pararepublique.com\/index.php\/wp-json\/wp\/v2\/product\/14509\/revisions\/14511"}],"wp:featuredmedia":[{"embeddable":true,"href":"https:\/\/pararepublique.com\/index.php\/wp-json\/wp\/v2\/media\/14510"}],"wp:attachment":[{"href":"https:\/\/pararepublique.com\/index.php\/wp-json\/wp\/v2\/media?parent=14509"}],"wp:term":[{"taxonomy":"product_cat","embeddable":true,"href":"https:\/\/pararepublique.com\/index.php\/wp-json\/wp\/v2\/product_cat?post=14509"},{"taxonomy":"product_tag","embeddable":true,"href":"https:\/\/pararepublique.com\/index.php\/wp-json\/wp\/v2\/product_tag?post=14509"}],"curies":[{"name":"wp","href":"https:\/\/api.w.org\/{rel}","templated":true}]}}