{"id":14512,"date":"2024-12-12T15:10:06","date_gmt":"2024-12-12T15:10:06","guid":{"rendered":"https:\/\/pararepublique.com\/?post_type=product&#038;p=14512"},"modified":"2024-12-12T15:10:07","modified_gmt":"2024-12-12T15:10:07","slug":"chicco-lait-de-corps-bb-200ml","status":"publish","type":"product","link":"https:\/\/pararepublique.com\/index.php\/product\/chicco-lait-de-corps-bb-200ml\/","title":{"rendered":"CHICCO LAIT DE CORPS BB 200ML"},"content":{"rendered":"<p>Ce lait est id\u00e9al pour un usage quotidien, garantissant que la peau fragile de b\u00e9b\u00e9 reste douce, lisse et d\u00e9licatement parfum\u00e9e.<\/p>\n<div id=\"tab-description\" class=\"c-product__tabs-panel  woocommerce-Tabs-panel woocommerce-Tabs-panel--description panel entry-content wc-tab  current visible\" role=\"tabpanel\" aria-labelledby=\"tab-title-description\">\n<div class=\"flex max-w-full flex-col flex-grow\">\n<div class=\"min-h-8 text-message flex w-full flex-col items-end gap-2 whitespace-normal break-words [.text-message+&amp;]:mt-5\" dir=\"auto\" data-message-author-role=\"assistant\" data-message-id=\"9827e2e5-76ca-47ba-85c6-4c2b2d6cb64a\" data-message-model-slug=\"gpt-4o-mini\">\n<div class=\"flex w-full flex-col gap-1 empty:hidden first:pt-[3px]\">\n<div class=\"markdown prose w-full break-words dark:prose-invert light\">\n<h3>Conseils d\u2019utilisation<\/h3>\n<ul>\n<li><strong>Application<\/strong> : Appliquez le <strong>Lait de Corps Chicco 200 ml<\/strong> sur la peau propre et s\u00e8che de b\u00e9b\u00e9, en massant doucement pour une absorption optimale.<\/li>\n<li><strong>Fr\u00e9quence<\/strong> : Utilisez quotidiennement pour garder la peau de b\u00e9b\u00e9 nourrie, prot\u00e9g\u00e9e et hydrat\u00e9e.<\/li>\n<\/ul>\n<h3>Ingr\u00e9dients<\/h3>\n<p>Aloe vera, vitamine E, agents hydratants.<\/p>\n<p>Le <strong>Lait de Corps Chicco 200 ml 0M+<\/strong> est id\u00e9al pour les parents qui cherchent un soin doux, hydratant et nourrissant pour la peau fragile de leur b\u00e9b\u00e9, d\u00e8s les premiers jours.<\/p>\n<\/div>\n<\/div>\n<\/div>\n<\/div>\n<\/div>\n","protected":false},"excerpt":{"rendered":"<p>Le <strong>Lait de Corps Chicco 200 ml 0M+<\/strong> est un soin doux et hydratant, sp\u00e9cialement formul\u00e9 pour la peau d\u00e9licate des nourrissons d\u00e8s la naissance. Enrichi en <strong>aloe vera<\/strong> et <strong>vitamine E<\/strong>, ce lait de corps nourrit et hydrate la peau de b\u00e9b\u00e9 en profondeur, tout en lui apportant une sensation de confort et de douceur. Sa formule l\u00e9g\u00e8re p\u00e9n\u00e8tre rapidement sans laisser de film gras, et prot\u00e8ge la peau de b\u00e9b\u00e9 contre la d\u00e9shydratation.<\/p>\n","protected":false},"featured_media":14513,"comment_status":"open","ping_status":"closed","template":"","meta":{"inline_featured_image":false,"_monsterinsights_skip_tracking":false,"_monsterinsights_sitenote_active":false,"_monsterinsights_sitenote_note":"","_monsterinsights_sitenote_category":0,"_joinchat":[]},"product_cat":[151],"product_tag":[],"class_list":{"0":"post-14512","1":"product","2":"type-product","3":"status-publish","4":"has-post-thumbnail","6":"product_cat-chicco","8":"first","9":"instock","10":"shipping-taxable","11":"purchasable","12":"product-type-simple","13":"add-to-wishlist-after_add_to_cart"},"aioseo_notices":[],"_links":{"self":[{"href":"https:\/\/pararepublique.com\/index.php\/wp-json\/wp\/v2\/product\/14512","targetHints":{"allow":["GET"]}}],"collection":[{"href":"https:\/\/pararepublique.com\/index.php\/wp-json\/wp\/v2\/product"}],"about":[{"href":"https:\/\/pararepublique.com\/index.php\/wp-json\/wp\/v2\/types\/product"}],"replies":[{"embeddable":true,"href":"https:\/\/pararepublique.com\/index.php\/wp-json\/wp\/v2\/comments?post=14512"}],"version-history":[{"count":1,"href":"https:\/\/pararepublique.com\/index.php\/wp-json\/wp\/v2\/product\/14512\/revisions"}],"predecessor-version":[{"id":14514,"href":"https:\/\/pararepublique.com\/index.php\/wp-json\/wp\/v2\/product\/14512\/revisions\/14514"}],"wp:featuredmedia":[{"embeddable":true,"href":"https:\/\/pararepublique.com\/index.php\/wp-json\/wp\/v2\/media\/14513"}],"wp:attachment":[{"href":"https:\/\/pararepublique.com\/index.php\/wp-json\/wp\/v2\/media?parent=14512"}],"wp:term":[{"taxonomy":"product_cat","embeddable":true,"href":"https:\/\/pararepublique.com\/index.php\/wp-json\/wp\/v2\/product_cat?post=14512"},{"taxonomy":"product_tag","embeddable":true,"href":"https:\/\/pararepublique.com\/index.php\/wp-json\/wp\/v2\/product_tag?post=14512"}],"curies":[{"name":"wp","href":"https:\/\/api.w.org\/{rel}","templated":true}]}}