{"id":14553,"date":"2024-12-13T11:37:25","date_gmt":"2024-12-13T11:37:25","guid":{"rendered":"https:\/\/pararepublique.com\/?post_type=product&#038;p=14553"},"modified":"2024-12-13T11:37:25","modified_gmt":"2024-12-13T11:37:25","slug":"chicco-naturel-bath-faom-gel-500ml","status":"publish","type":"product","link":"https:\/\/pararepublique.com\/index.php\/product\/chicco-naturel-bath-faom-gel-500ml\/","title":{"rendered":"CHICCO NATUREL BATH FAOM GEL 500ML"},"content":{"rendered":"<div id=\"tab-description\" class=\"woocommerce-Tabs-panel woocommerce-Tabs-panel--description panel entry-content wc-tab\" role=\"tabpanel\" aria-labelledby=\"tab-title-description\">\n<div class=\"product-content \">\n<p>Nettoyez d\u00e9licatement la peau d\u00e9licate de b\u00e9b\u00e9 et en laissant un parfum d\u00e9licieux. Les formules sont des larmes avec l\u2019extrait de calendula, connu pour ses propri\u00e9t\u00e9s \u00e9mollientes, respecte l\u2019humidit\u00e9 naturelle de la peau la plus sensible et d\u00e9licate. PH physiologique. Disponible en 500ml.<\/p>\n<p>Produits pour b\u00e9b\u00e9s:<\/p>\n<p>-Ne contiennent pas de parabens, SLS ou SLES<\/p>\n<p>-contiennent pas d\u2019alcool<\/p>\n<p>-contiennent pas de colorants \u2013 Hypoallerg\u00e9nique et test\u00e9 sous contr\u00f4le dermatologique, pH physiologique<\/p>\n<\/div>\n<\/div>\n","protected":false},"excerpt":{"rendered":"<p>Nettoyez d\u00e9licatement la peau d\u00e9licate de b\u00e9b\u00e9 et en laissant un parfum d\u00e9licieux. Les formules sont des larmes avec l&rsquo;extrait de calendula, connu pour ses propri\u00e9t\u00e9s \u00e9mollientes, respecte l&rsquo;humidit\u00e9 naturelle de la peau la plus sensible et d\u00e9licate. PH physiologique. Disponible en 500ml.<\/p>\n","protected":false},"featured_media":14554,"comment_status":"open","ping_status":"closed","template":"","meta":{"inline_featured_image":false,"_monsterinsights_skip_tracking":false,"_monsterinsights_sitenote_active":false,"_monsterinsights_sitenote_note":"","_monsterinsights_sitenote_category":0,"_joinchat":[]},"product_cat":[151],"product_tag":[],"class_list":{"0":"post-14553","1":"product","2":"type-product","3":"status-publish","4":"has-post-thumbnail","6":"product_cat-chicco","8":"first","9":"instock","10":"shipping-taxable","11":"purchasable","12":"product-type-simple","13":"add-to-wishlist-after_add_to_cart"},"aioseo_notices":[],"_links":{"self":[{"href":"https:\/\/pararepublique.com\/index.php\/wp-json\/wp\/v2\/product\/14553","targetHints":{"allow":["GET"]}}],"collection":[{"href":"https:\/\/pararepublique.com\/index.php\/wp-json\/wp\/v2\/product"}],"about":[{"href":"https:\/\/pararepublique.com\/index.php\/wp-json\/wp\/v2\/types\/product"}],"replies":[{"embeddable":true,"href":"https:\/\/pararepublique.com\/index.php\/wp-json\/wp\/v2\/comments?post=14553"}],"version-history":[{"count":2,"href":"https:\/\/pararepublique.com\/index.php\/wp-json\/wp\/v2\/product\/14553\/revisions"}],"predecessor-version":[{"id":14556,"href":"https:\/\/pararepublique.com\/index.php\/wp-json\/wp\/v2\/product\/14553\/revisions\/14556"}],"wp:featuredmedia":[{"embeddable":true,"href":"https:\/\/pararepublique.com\/index.php\/wp-json\/wp\/v2\/media\/14554"}],"wp:attachment":[{"href":"https:\/\/pararepublique.com\/index.php\/wp-json\/wp\/v2\/media?parent=14553"}],"wp:term":[{"taxonomy":"product_cat","embeddable":true,"href":"https:\/\/pararepublique.com\/index.php\/wp-json\/wp\/v2\/product_cat?post=14553"},{"taxonomy":"product_tag","embeddable":true,"href":"https:\/\/pararepublique.com\/index.php\/wp-json\/wp\/v2\/product_tag?post=14553"}],"curies":[{"name":"wp","href":"https:\/\/api.w.org\/{rel}","templated":true}]}}