{"id":14566,"date":"2024-12-13T11:45:28","date_gmt":"2024-12-13T11:45:28","guid":{"rendered":"https:\/\/pararepublique.com\/?post_type=product&#038;p=14566"},"modified":"2024-12-13T11:45:28","modified_gmt":"2024-12-13T11:45:28","slug":"chicco-poudre-bebe-150g","status":"publish","type":"product","link":"https:\/\/pararepublique.com\/index.php\/product\/chicco-poudre-bebe-150g\/","title":{"rendered":"CHICCO POUDRE BEBE 150G"},"content":{"rendered":"<div id=\"tab-content\" class=\"tab-content\">\n<div id=\"description\" class=\"tab-pane fade in active revealOnScroll animated fadeInUp\" role=\"tabpanel\" data-animation=\"fadeInUp\">\n<div class=\"product-description\">\n<p>Sa formule riche permet l&rsquo;hydratation naturelle de la peau, sans obstruer les pores.<\/p>\n<p>Chicco pr\u00e9sent baby moments, la nouvelle ligne de produits pour le soin quotidien des peaux sensibles et d\u00e9licates de votre b\u00e9b\u00e9. Chaque jour, d\u00e8s les premiers jours de vie.<\/p>\n<p>Grace \u00e0 l&rsquo;action absorbant le talc rafra\u00eechit et prot\u00e8ge la peau des b\u00e9b\u00e9s, ce qui en fait agr\u00e9ablement doux et sec.<\/p>\n<p>Sa formule riche permet l&rsquo;hydratation naturelle de la peau, sans obstruer les pores.<\/p>\n<h2>Conseils d&rsquo;utilisation :<\/h2>\n<p>La toilette termin\u00e9e, s\u00e9cher soigneusement et talquer les fesses, les aisselles et tous les plus du corps sensibles aux irritations et aux \u00e9chauffements.<\/p>\n<p>A l&rsquo;application, tenir \u00e0 l\u2019\u00e9cart des yeux, de la bouche et du nez de l&rsquo;enfant.<\/p>\n<h2>Contenance:<\/h2>\n<p>150g<\/p>\n<\/div>\n<\/div>\n<\/div>\n","protected":false},"excerpt":{"rendered":"<div id=\"product-description-short-9053\" class=\"hit_description_short\">\n<p>Une touche de fra\u00eecheur et de douceur pour la peau d\u00e9licate de votre petit tr\u00e9sor!<\/p>\n<p>Action absorbante du talc pour rafra\u00eechir et prot\u00e9ger la peau sensible des b\u00e9b\u00e9s, il maintient une sensation douce et s\u00e8che sur la peau, avec une formule enrichie favorisant l&rsquo;hydratation naturelle sans obstruer les pores<\/p>\n<p>Test\u00e9 dermatologiquement sur les peaux sensibles<\/p>\n<p>&nbsp;<\/p>\n<p>DLC 12 mois apr\u00e8s l&rsquo;ouverture<\/p>\n<\/div>\n","protected":false},"featured_media":14567,"comment_status":"open","ping_status":"closed","template":"","meta":{"inline_featured_image":false,"_monsterinsights_skip_tracking":false,"_monsterinsights_sitenote_active":false,"_monsterinsights_sitenote_note":"","_monsterinsights_sitenote_category":0,"_joinchat":[]},"product_cat":[151],"product_tag":[],"class_list":{"0":"post-14566","1":"product","2":"type-product","3":"status-publish","4":"has-post-thumbnail","6":"product_cat-chicco","8":"first","9":"instock","10":"shipping-taxable","11":"purchasable","12":"product-type-simple","13":"add-to-wishlist-after_add_to_cart"},"aioseo_notices":[],"_links":{"self":[{"href":"https:\/\/pararepublique.com\/index.php\/wp-json\/wp\/v2\/product\/14566","targetHints":{"allow":["GET"]}}],"collection":[{"href":"https:\/\/pararepublique.com\/index.php\/wp-json\/wp\/v2\/product"}],"about":[{"href":"https:\/\/pararepublique.com\/index.php\/wp-json\/wp\/v2\/types\/product"}],"replies":[{"embeddable":true,"href":"https:\/\/pararepublique.com\/index.php\/wp-json\/wp\/v2\/comments?post=14566"}],"version-history":[{"count":2,"href":"https:\/\/pararepublique.com\/index.php\/wp-json\/wp\/v2\/product\/14566\/revisions"}],"predecessor-version":[{"id":14569,"href":"https:\/\/pararepublique.com\/index.php\/wp-json\/wp\/v2\/product\/14566\/revisions\/14569"}],"wp:featuredmedia":[{"embeddable":true,"href":"https:\/\/pararepublique.com\/index.php\/wp-json\/wp\/v2\/media\/14567"}],"wp:attachment":[{"href":"https:\/\/pararepublique.com\/index.php\/wp-json\/wp\/v2\/media?parent=14566"}],"wp:term":[{"taxonomy":"product_cat","embeddable":true,"href":"https:\/\/pararepublique.com\/index.php\/wp-json\/wp\/v2\/product_cat?post=14566"},{"taxonomy":"product_tag","embeddable":true,"href":"https:\/\/pararepublique.com\/index.php\/wp-json\/wp\/v2\/product_tag?post=14566"}],"curies":[{"name":"wp","href":"https:\/\/api.w.org\/{rel}","templated":true}]}}