{"id":14574,"date":"2024-12-13T11:49:19","date_gmt":"2024-12-13T11:49:19","guid":{"rendered":"https:\/\/pararepublique.com\/?post_type=product&#038;p=14574"},"modified":"2024-12-13T11:49:19","modified_gmt":"2024-12-13T11:49:19","slug":"chicco-shamp-bain-200ml","status":"publish","type":"product","link":"https:\/\/pararepublique.com\/index.php\/product\/chicco-shamp-bain-200ml\/","title":{"rendered":"CHICCO SHAMP BAIN 200ML"},"content":{"rendered":"<p>Extra doux pour le nettoyage de la peau et les cheveux des nouveau-n\u00e9s, sans piquer les yeux, gr\u00e2ce \u00e0 la formule \u00ab sans larmes \u00bb. La gamme pour le bain contient du calendula (souci officinal), les cheveux sont entretenus et agr\u00e9ablement parfum\u00e9s. Doux pour la peau au pH neutre, sans Laureth sulfate de sodium, sans parab\u00e8ne, sans alcool, sans colorant.<\/p>\n","protected":false},"excerpt":{"rendered":"<p>Extra doux pour le nettoyage de la peau et les cheveux des nouveau-n\u00e9s, sans piquer les yeux, gr\u00e2ce \u00e0 la formule \u00ab sans larmes \u00bb.<\/p>\n","protected":false},"featured_media":14575,"comment_status":"open","ping_status":"closed","template":"","meta":{"inline_featured_image":false,"_monsterinsights_skip_tracking":false,"_monsterinsights_sitenote_active":false,"_monsterinsights_sitenote_note":"","_monsterinsights_sitenote_category":0,"_joinchat":[]},"product_cat":[151],"product_tag":[],"class_list":{"0":"post-14574","1":"product","2":"type-product","3":"status-publish","4":"has-post-thumbnail","6":"product_cat-chicco","8":"first","9":"instock","10":"shipping-taxable","11":"purchasable","12":"product-type-simple","13":"add-to-wishlist-after_add_to_cart"},"aioseo_notices":[],"_links":{"self":[{"href":"https:\/\/pararepublique.com\/index.php\/wp-json\/wp\/v2\/product\/14574","targetHints":{"allow":["GET"]}}],"collection":[{"href":"https:\/\/pararepublique.com\/index.php\/wp-json\/wp\/v2\/product"}],"about":[{"href":"https:\/\/pararepublique.com\/index.php\/wp-json\/wp\/v2\/types\/product"}],"replies":[{"embeddable":true,"href":"https:\/\/pararepublique.com\/index.php\/wp-json\/wp\/v2\/comments?post=14574"}],"version-history":[{"count":2,"href":"https:\/\/pararepublique.com\/index.php\/wp-json\/wp\/v2\/product\/14574\/revisions"}],"predecessor-version":[{"id":14577,"href":"https:\/\/pararepublique.com\/index.php\/wp-json\/wp\/v2\/product\/14574\/revisions\/14577"}],"wp:featuredmedia":[{"embeddable":true,"href":"https:\/\/pararepublique.com\/index.php\/wp-json\/wp\/v2\/media\/14575"}],"wp:attachment":[{"href":"https:\/\/pararepublique.com\/index.php\/wp-json\/wp\/v2\/media?parent=14574"}],"wp:term":[{"taxonomy":"product_cat","embeddable":true,"href":"https:\/\/pararepublique.com\/index.php\/wp-json\/wp\/v2\/product_cat?post=14574"},{"taxonomy":"product_tag","embeddable":true,"href":"https:\/\/pararepublique.com\/index.php\/wp-json\/wp\/v2\/product_tag?post=14574"}],"curies":[{"name":"wp","href":"https:\/\/api.w.org\/{rel}","templated":true}]}}