{"id":14603,"date":"2024-12-13T13:11:57","date_gmt":"2024-12-13T13:11:57","guid":{"rendered":"https:\/\/pararepublique.com\/?post_type=product&#038;p=14603"},"modified":"2024-12-13T13:11:57","modified_gmt":"2024-12-13T13:11:57","slug":"chicco-eponge-de-mer-100-nanaturel-0-m","status":"publish","type":"product","link":"https:\/\/pararepublique.com\/index.php\/product\/chicco-eponge-de-mer-100-nanaturel-0-m\/","title":{"rendered":"CHICCO EPONGE DE MER 100% NANATUREL 0 M+"},"content":{"rendered":"<p>Chicco Sponge Carribbean Grande 0m+.<br \/>\n\u00c9ponge Marine.<br \/>\nL&rsquo;\u00e9ponge marine est id\u00e9ale pour nettoyer en douceur le corps de votre enfant. \u00c9ponge de mer 100% naturelle, p\u00each\u00e9e en haute mer, elle est tr\u00e8s absorbante et extr\u00eamement douce.<\/p>\n","protected":false},"excerpt":{"rendered":"<p>Elle devient extr\u00eamement douce au contact de l&rsquo;eau.<br \/>\nTr\u00e8s absorbante.<br \/>\nId\u00e9ale pour les premiers bains de b\u00e9b\u00e9 dont la peau est tr\u00e8s sensible et facilement irritable.<\/p>\n<p>Eponge 100% naturelle.<\/p>\n","protected":false},"featured_media":14604,"comment_status":"open","ping_status":"closed","template":"","meta":{"inline_featured_image":false,"_monsterinsights_skip_tracking":false,"_monsterinsights_sitenote_active":false,"_monsterinsights_sitenote_note":"","_monsterinsights_sitenote_category":0,"_joinchat":[]},"product_cat":[151],"product_tag":[],"class_list":{"0":"post-14603","1":"product","2":"type-product","3":"status-publish","4":"has-post-thumbnail","6":"product_cat-chicco","8":"first","9":"instock","10":"shipping-taxable","11":"purchasable","12":"product-type-simple","13":"add-to-wishlist-after_add_to_cart"},"aioseo_notices":[],"_links":{"self":[{"href":"https:\/\/pararepublique.com\/index.php\/wp-json\/wp\/v2\/product\/14603","targetHints":{"allow":["GET"]}}],"collection":[{"href":"https:\/\/pararepublique.com\/index.php\/wp-json\/wp\/v2\/product"}],"about":[{"href":"https:\/\/pararepublique.com\/index.php\/wp-json\/wp\/v2\/types\/product"}],"replies":[{"embeddable":true,"href":"https:\/\/pararepublique.com\/index.php\/wp-json\/wp\/v2\/comments?post=14603"}],"version-history":[{"count":1,"href":"https:\/\/pararepublique.com\/index.php\/wp-json\/wp\/v2\/product\/14603\/revisions"}],"predecessor-version":[{"id":14605,"href":"https:\/\/pararepublique.com\/index.php\/wp-json\/wp\/v2\/product\/14603\/revisions\/14605"}],"wp:featuredmedia":[{"embeddable":true,"href":"https:\/\/pararepublique.com\/index.php\/wp-json\/wp\/v2\/media\/14604"}],"wp:attachment":[{"href":"https:\/\/pararepublique.com\/index.php\/wp-json\/wp\/v2\/media?parent=14603"}],"wp:term":[{"taxonomy":"product_cat","embeddable":true,"href":"https:\/\/pararepublique.com\/index.php\/wp-json\/wp\/v2\/product_cat?post=14603"},{"taxonomy":"product_tag","embeddable":true,"href":"https:\/\/pararepublique.com\/index.php\/wp-json\/wp\/v2\/product_tag?post=14603"}],"curies":[{"name":"wp","href":"https:\/\/api.w.org\/{rel}","templated":true}]}}