{"id":14613,"date":"2024-12-13T13:24:41","date_gmt":"2024-12-13T13:24:41","guid":{"rendered":"https:\/\/pararepublique.com\/?post_type=product&#038;p=14613"},"modified":"2024-12-13T13:24:41","modified_gmt":"2024-12-13T13:24:41","slug":"chicco-hochet-cles-rose-bleu-t-3m","status":"publish","type":"product","link":"https:\/\/pararepublique.com\/index.php\/product\/chicco-hochet-cles-rose-bleu-t-3m\/","title":{"rendered":"CHICCO HOCHET CLES ROSE BLEU T 3M+"},"content":{"rendered":"<p><strong>Caract\u00e9ristiques :<\/strong><\/p>\n<ul>\n<li>Cl\u00e9s l\u00e9g\u00e8res et faciles \u00e0 saisir<\/li>\n<li>Soulagent pendant la p\u00e9riode de dentition<\/li>\n<li>Id\u00e9ales pour d\u00e9velopper les capacit\u00e9s motrices premi\u00e8res de b\u00e9b\u00e9<\/li>\n<\/ul>\n<p><strong>Sp\u00e9cifications :<\/strong><\/p>\n<ul>\n<li>Couleur de l&rsquo;anneau : Jaune<\/li>\n<li>Couleur cl\u00e9 : blanc\/rose\/rouge<\/li>\n<li>Sexe : junior<\/li>\n<li>Mat\u00e9riau : plastique<\/li>\n<li>Longueur : 12 cm<\/li>\n<li>Hauteur : 17 cm<\/li>\n<li>\u00c2ge : 0 \u00e0 4 ans<\/li>\n<\/ul>\n<p><strong>Contenu :<\/strong><\/p>\n<ul>\n<li>1 anneau<\/li>\n<li>3 cl\u00e9s<\/li>\n<\/ul>\n","protected":false},"excerpt":{"rendered":"<p>Hochet Cl\u00e9s CHICCO sont l\u00e9gers et faciles \u00e0 saisir. Il permet \u00e0 b\u00e9b\u00e9 d&rsquo;avoir \u00e9galement son trousseau de cl\u00e9, et de se sentir comme un adulte. B\u00e9b\u00e9 peut \u00e9galement les m\u00e2cher pour soulager sa pouss\u00e9e de dents. Le trousseau de Cl\u00e9s favorise le d\u00e9veloppement des capacit\u00e9s motrices premi\u00e8res de b\u00e9b\u00e9.<\/p>\n","protected":false},"featured_media":14614,"comment_status":"open","ping_status":"closed","template":"","meta":{"inline_featured_image":false,"_monsterinsights_skip_tracking":false,"_monsterinsights_sitenote_active":false,"_monsterinsights_sitenote_note":"","_monsterinsights_sitenote_category":0,"_joinchat":[]},"product_cat":[151],"product_tag":[],"class_list":{"0":"post-14613","1":"product","2":"type-product","3":"status-publish","4":"has-post-thumbnail","6":"product_cat-chicco","8":"first","9":"instock","10":"shipping-taxable","11":"purchasable","12":"product-type-simple","13":"add-to-wishlist-after_add_to_cart"},"aioseo_notices":[],"_links":{"self":[{"href":"https:\/\/pararepublique.com\/index.php\/wp-json\/wp\/v2\/product\/14613","targetHints":{"allow":["GET"]}}],"collection":[{"href":"https:\/\/pararepublique.com\/index.php\/wp-json\/wp\/v2\/product"}],"about":[{"href":"https:\/\/pararepublique.com\/index.php\/wp-json\/wp\/v2\/types\/product"}],"replies":[{"embeddable":true,"href":"https:\/\/pararepublique.com\/index.php\/wp-json\/wp\/v2\/comments?post=14613"}],"version-history":[{"count":2,"href":"https:\/\/pararepublique.com\/index.php\/wp-json\/wp\/v2\/product\/14613\/revisions"}],"predecessor-version":[{"id":14616,"href":"https:\/\/pararepublique.com\/index.php\/wp-json\/wp\/v2\/product\/14613\/revisions\/14616"}],"wp:featuredmedia":[{"embeddable":true,"href":"https:\/\/pararepublique.com\/index.php\/wp-json\/wp\/v2\/media\/14614"}],"wp:attachment":[{"href":"https:\/\/pararepublique.com\/index.php\/wp-json\/wp\/v2\/media?parent=14613"}],"wp:term":[{"taxonomy":"product_cat","embeddable":true,"href":"https:\/\/pararepublique.com\/index.php\/wp-json\/wp\/v2\/product_cat?post=14613"},{"taxonomy":"product_tag","embeddable":true,"href":"https:\/\/pararepublique.com\/index.php\/wp-json\/wp\/v2\/product_tag?post=14613"}],"curies":[{"name":"wp","href":"https:\/\/api.w.org\/{rel}","templated":true}]}}