{"id":14617,"date":"2024-12-13T13:26:47","date_gmt":"2024-12-13T13:26:47","guid":{"rendered":"https:\/\/pararepublique.com\/?post_type=product&#038;p=14617"},"modified":"2024-12-13T13:28:13","modified_gmt":"2024-12-13T13:28:13","slug":"chicco-hochet-de-dentition-poisson","status":"publish","type":"product","link":"https:\/\/pararepublique.com\/index.php\/product\/chicco-hochet-de-dentition-poisson\/","title":{"rendered":"CHICCO HOCHET DE DENTITION POISSON"},"content":{"rendered":"<div class=\"col-xs-12\"><span class=\"intro\">Ce hochet est id\u00e9al pour apaiser votre enfant durant la p\u00e9riode de dentition. Faciles \u00e0 saisir gr\u00e2ce \u00e0 l\u2019anneau qui les lie, les trois poissons de couleurs diff\u00e9rentes sont compos\u00e9s de plastique dur d\u2019un c\u00f4t\u00e9 et de plastique souple de l\u2019autre. <\/span><\/div>\n","protected":false},"excerpt":{"rendered":"<p>L&rsquo;anneau de pr\u00e9hension avec 3 animaux marins amusants est id\u00e9al pour calmer l&rsquo;enfant pendant la phase de dentition.<\/p>\n","protected":false},"featured_media":14618,"comment_status":"open","ping_status":"closed","template":"","meta":{"inline_featured_image":false,"_monsterinsights_skip_tracking":false,"_monsterinsights_sitenote_active":false,"_monsterinsights_sitenote_note":"","_monsterinsights_sitenote_category":0,"_joinchat":[]},"product_cat":[151],"product_tag":[],"class_list":{"0":"post-14617","1":"product","2":"type-product","3":"status-publish","4":"has-post-thumbnail","6":"product_cat-chicco","8":"first","9":"instock","10":"shipping-taxable","11":"purchasable","12":"product-type-simple","13":"add-to-wishlist-after_add_to_cart"},"aioseo_notices":[],"_links":{"self":[{"href":"https:\/\/pararepublique.com\/index.php\/wp-json\/wp\/v2\/product\/14617","targetHints":{"allow":["GET"]}}],"collection":[{"href":"https:\/\/pararepublique.com\/index.php\/wp-json\/wp\/v2\/product"}],"about":[{"href":"https:\/\/pararepublique.com\/index.php\/wp-json\/wp\/v2\/types\/product"}],"replies":[{"embeddable":true,"href":"https:\/\/pararepublique.com\/index.php\/wp-json\/wp\/v2\/comments?post=14617"}],"version-history":[{"count":2,"href":"https:\/\/pararepublique.com\/index.php\/wp-json\/wp\/v2\/product\/14617\/revisions"}],"predecessor-version":[{"id":14620,"href":"https:\/\/pararepublique.com\/index.php\/wp-json\/wp\/v2\/product\/14617\/revisions\/14620"}],"wp:featuredmedia":[{"embeddable":true,"href":"https:\/\/pararepublique.com\/index.php\/wp-json\/wp\/v2\/media\/14618"}],"wp:attachment":[{"href":"https:\/\/pararepublique.com\/index.php\/wp-json\/wp\/v2\/media?parent=14617"}],"wp:term":[{"taxonomy":"product_cat","embeddable":true,"href":"https:\/\/pararepublique.com\/index.php\/wp-json\/wp\/v2\/product_cat?post=14617"},{"taxonomy":"product_tag","embeddable":true,"href":"https:\/\/pararepublique.com\/index.php\/wp-json\/wp\/v2\/product_tag?post=14617"}],"curies":[{"name":"wp","href":"https:\/\/api.w.org\/{rel}","templated":true}]}}