{"id":14638,"date":"2024-12-13T15:45:58","date_gmt":"2024-12-13T15:45:58","guid":{"rendered":"https:\/\/pararepublique.com\/?post_type=product&#038;p=14638"},"modified":"2024-12-13T15:45:59","modified_gmt":"2024-12-13T15:45:59","slug":"chicco-lunette-de-soleil-vert","status":"publish","type":"product","link":"https:\/\/pararepublique.com\/index.php\/product\/chicco-lunette-de-soleil-vert\/","title":{"rendered":"CHICCO LUNETTE DE SOLEIL VERT"},"content":{"rendered":"","protected":false},"excerpt":{"rendered":"<p>Les lunettes de soleil Chicco Green sont un accessoire qui prot\u00e8ge les yeux sensibles des enfants, adapt\u00e9 aux b\u00e9b\u00e9s \u00e0 partir de 12 mois.<\/p>\n","protected":false},"featured_media":14639,"comment_status":"open","ping_status":"closed","template":"","meta":{"inline_featured_image":false,"_monsterinsights_skip_tracking":false,"_monsterinsights_sitenote_active":false,"_monsterinsights_sitenote_note":"","_monsterinsights_sitenote_category":0,"_joinchat":[]},"product_cat":[151],"product_tag":[],"class_list":{"0":"post-14638","1":"product","2":"type-product","3":"status-publish","4":"has-post-thumbnail","6":"product_cat-chicco","8":"first","9":"instock","10":"shipping-taxable","11":"purchasable","12":"product-type-simple","13":"add-to-wishlist-after_add_to_cart"},"aioseo_notices":[],"_links":{"self":[{"href":"https:\/\/pararepublique.com\/index.php\/wp-json\/wp\/v2\/product\/14638","targetHints":{"allow":["GET"]}}],"collection":[{"href":"https:\/\/pararepublique.com\/index.php\/wp-json\/wp\/v2\/product"}],"about":[{"href":"https:\/\/pararepublique.com\/index.php\/wp-json\/wp\/v2\/types\/product"}],"replies":[{"embeddable":true,"href":"https:\/\/pararepublique.com\/index.php\/wp-json\/wp\/v2\/comments?post=14638"}],"version-history":[{"count":2,"href":"https:\/\/pararepublique.com\/index.php\/wp-json\/wp\/v2\/product\/14638\/revisions"}],"predecessor-version":[{"id":14641,"href":"https:\/\/pararepublique.com\/index.php\/wp-json\/wp\/v2\/product\/14638\/revisions\/14641"}],"wp:featuredmedia":[{"embeddable":true,"href":"https:\/\/pararepublique.com\/index.php\/wp-json\/wp\/v2\/media\/14639"}],"wp:attachment":[{"href":"https:\/\/pararepublique.com\/index.php\/wp-json\/wp\/v2\/media?parent=14638"}],"wp:term":[{"taxonomy":"product_cat","embeddable":true,"href":"https:\/\/pararepublique.com\/index.php\/wp-json\/wp\/v2\/product_cat?post=14638"},{"taxonomy":"product_tag","embeddable":true,"href":"https:\/\/pararepublique.com\/index.php\/wp-json\/wp\/v2\/product_tag?post=14638"}],"curies":[{"name":"wp","href":"https:\/\/api.w.org\/{rel}","templated":true}]}}