{"id":14702,"date":"2024-12-18T12:11:33","date_gmt":"2024-12-18T12:11:33","guid":{"rendered":"https:\/\/pararepublique.com\/?post_type=product&#038;p=14702"},"modified":"2024-12-18T12:11:33","modified_gmt":"2024-12-18T12:11:33","slug":"parfum-la-nuit-tresor-eau-de-toilette","status":"publish","type":"product","link":"https:\/\/pararepublique.com\/index.php\/product\/parfum-la-nuit-tresor-eau-de-toilette\/","title":{"rendered":"PARFUM LA NUIT TRESOR EAU DE TOILETTE"},"content":{"rendered":"<p>L\u2019AMOUR ABSOLU AU C\u0152UR D\u2019UNE NUIT BR\u00dbLANTE<br \/>\nEmbl\u00e8me de l\u2019amour fusionnel, La Nuit Tr\u00e9sor illustre une nuit br\u00fblante o\u00f9 s\u2019\u00e9treignent ceux qui s\u2019aiment. Une attraction irr\u00e9sistible entre deux \u00e9toiles qui entrent collision pour former au c\u0153ur de la nuit\u2026un diamant noir.<\/p>\n<p>UN PHILTRE D\u2019AMOUR SENSUEL ET MYSTERIEUX<br \/>\nCr\u00e9\u00e9 par deux \u00e9toiles de la parfumerie fran\u00e7aise pour Lanc\u00f4me, La Nuit Tr\u00e9sor L\u2019Eau de Parfum est le premier parfum Gourmand Aphrodisiaque au sillage irr\u00e9sistible.<br \/>\nUn \u00e9lixir captivant et envo\u00fbtant o\u00f9 s\u2019entrelacent des mati\u00e8res rares : Essence de C\u0153ur de Rose Noire Damascena, Absolu d&rsquo;Orchid\u00e9e Vanille Tahitensis, Encens, Essence de Papyrus et Litchi.<\/p>\n<p>LE DIAMANT NOIR DE L\u2019AMOUR<br \/>\nLe flacon La Nuit Tr\u00e9sor est tel un diamant noir \u00e9tincelant et facett\u00e9, aux multiples reflets, qui encapsule un philtre d\u2019amour et de s\u00e9duction. Symbole ultime d\u2019amour et de f\u00e9minit\u00e9, une rose en satin noir est nou\u00e9e autour de son col.<\/p>\n<p>Eau de parfum 50ml<\/p>\n","protected":false},"excerpt":{"rendered":"<p>LE DIAMANT NOIR DE L\u2019AMOUR<br \/>\nLe flacon La Nuit Tr\u00e9sor est tel un diamant noir \u00e9tincelant et facett\u00e9, aux multiples reflets, qui encapsule un philtre d\u2019amour et de s\u00e9duction. Symbole ultime d\u2019amour et de f\u00e9minit\u00e9, une rose en satin noir est nou\u00e9e autour de son col.<\/p>\n<p>Eau de parfum 50ml<\/p>\n","protected":false},"featured_media":14703,"comment_status":"open","ping_status":"closed","template":"","meta":{"inline_featured_image":false,"_monsterinsights_skip_tracking":false,"_monsterinsights_sitenote_active":false,"_monsterinsights_sitenote_note":"","_monsterinsights_sitenote_category":0,"_joinchat":[]},"product_cat":[106],"product_tag":[],"class_list":{"0":"post-14702","1":"product","2":"type-product","3":"status-publish","4":"has-post-thumbnail","6":"product_cat-parfumerie","8":"first","9":"instock","10":"shipping-taxable","11":"purchasable","12":"product-type-simple","13":"add-to-wishlist-after_add_to_cart"},"aioseo_notices":[],"_links":{"self":[{"href":"https:\/\/pararepublique.com\/index.php\/wp-json\/wp\/v2\/product\/14702","targetHints":{"allow":["GET"]}}],"collection":[{"href":"https:\/\/pararepublique.com\/index.php\/wp-json\/wp\/v2\/product"}],"about":[{"href":"https:\/\/pararepublique.com\/index.php\/wp-json\/wp\/v2\/types\/product"}],"replies":[{"embeddable":true,"href":"https:\/\/pararepublique.com\/index.php\/wp-json\/wp\/v2\/comments?post=14702"}],"version-history":[{"count":1,"href":"https:\/\/pararepublique.com\/index.php\/wp-json\/wp\/v2\/product\/14702\/revisions"}],"predecessor-version":[{"id":14704,"href":"https:\/\/pararepublique.com\/index.php\/wp-json\/wp\/v2\/product\/14702\/revisions\/14704"}],"wp:featuredmedia":[{"embeddable":true,"href":"https:\/\/pararepublique.com\/index.php\/wp-json\/wp\/v2\/media\/14703"}],"wp:attachment":[{"href":"https:\/\/pararepublique.com\/index.php\/wp-json\/wp\/v2\/media?parent=14702"}],"wp:term":[{"taxonomy":"product_cat","embeddable":true,"href":"https:\/\/pararepublique.com\/index.php\/wp-json\/wp\/v2\/product_cat?post=14702"},{"taxonomy":"product_tag","embeddable":true,"href":"https:\/\/pararepublique.com\/index.php\/wp-json\/wp\/v2\/product_tag?post=14702"}],"curies":[{"name":"wp","href":"https:\/\/api.w.org\/{rel}","templated":true}]}}