{"id":14786,"date":"2024-12-19T11:51:52","date_gmt":"2024-12-19T11:51:52","guid":{"rendered":"https:\/\/pararepublique.com\/?post_type=product&#038;p=14786"},"modified":"2024-12-19T11:51:52","modified_gmt":"2024-12-19T11:51:52","slug":"parfum-montana-femme-100ml","status":"publish","type":"product","link":"https:\/\/pararepublique.com\/index.php\/product\/parfum-montana-femme-100ml\/","title":{"rendered":"PARFUM MONTANA FEMME 100ML"},"content":{"rendered":"<p>Laissez-vous surprendre par le parfum de marque\u00a0<strong>Parfum Femme Montana EDP Collection Edition 1 (100 ml)<\/strong> et faites ressortir votre f\u00e9minit\u00e9 en portant ce <strong>parfum femme <\/strong><strong>100 % authentique<\/strong>. Sa composition unique exalte un parfum \u00e0 votre image. D\u00e9couvrez sans plus tarder nos produits <strong>Montana 100 % authentiques<\/strong> !<\/p>\n<ul>\n<li>Genre: Femme<\/li>\n<li>Capacit\u00e9: 100 ml<\/li>\n<li>Type: EDP (Eau de Parfum)<\/li>\n<li>Nom du parfum: Collection Edition 1<\/li>\n<\/ul>\n<p><strong>\u00c0 PROPOS DE MONTANA<\/strong><\/p>\n<p>Montana est une cat\u00e9gorie de produits propos\u00e9e par Diaytar S\u00e9n\u00e9gal, le leader de l\u2019ecommerce au S\u00e9n\u00e9gal. Cette cat\u00e9gorie regroupe une s\u00e9lection vari\u00e9e de produits qui r\u00e9pondent aux besoins et aux go\u00fbts des consommateurs s\u00e9n\u00e9galais. Que ce soit des v\u00eatements, des chaussures, des accessoires ou encore des produits \u00e9lectroniques, Montana offre une large gamme de choix. Les produits de cette cat\u00e9gorie sont de haute qualit\u00e9, durables et abordables. Les clients peuvent donc trouver tout ce dont ils ont besoin dans la cat\u00e9gorie Montana du site Diaytar S\u00e9n\u00e9gal, en b\u00e9n\u00e9ficiant d\u2019une exp\u00e9rience d\u2019achat en ligne pratique et fiable.<\/p>\n","protected":false},"excerpt":{"rendered":"<p>Parfum Femme Montana EDP Collection Edition 1 (100 ml). D\u00e9sormais disponible \u00e0 Dakar \u2013 S\u00e9n\u00e9gal \u00e0 un prix extraordinaire qui d\u00e9fie toute attente. \u00c9levez votre style de vie, red\u00e9finissez vos normes et plongez dans un monde de qualit\u00e9 sup\u00e9rieure<\/p>\n","protected":false},"featured_media":14787,"comment_status":"open","ping_status":"closed","template":"","meta":{"inline_featured_image":false,"_monsterinsights_skip_tracking":false,"_monsterinsights_sitenote_active":false,"_monsterinsights_sitenote_note":"","_monsterinsights_sitenote_category":0,"_joinchat":[]},"product_cat":[106],"product_tag":[],"class_list":{"0":"post-14786","1":"product","2":"type-product","3":"status-publish","4":"has-post-thumbnail","6":"product_cat-parfumerie","8":"first","9":"instock","10":"shipping-taxable","11":"purchasable","12":"product-type-simple","13":"add-to-wishlist-after_add_to_cart"},"aioseo_notices":[],"_links":{"self":[{"href":"https:\/\/pararepublique.com\/index.php\/wp-json\/wp\/v2\/product\/14786","targetHints":{"allow":["GET"]}}],"collection":[{"href":"https:\/\/pararepublique.com\/index.php\/wp-json\/wp\/v2\/product"}],"about":[{"href":"https:\/\/pararepublique.com\/index.php\/wp-json\/wp\/v2\/types\/product"}],"replies":[{"embeddable":true,"href":"https:\/\/pararepublique.com\/index.php\/wp-json\/wp\/v2\/comments?post=14786"}],"version-history":[{"count":2,"href":"https:\/\/pararepublique.com\/index.php\/wp-json\/wp\/v2\/product\/14786\/revisions"}],"predecessor-version":[{"id":14789,"href":"https:\/\/pararepublique.com\/index.php\/wp-json\/wp\/v2\/product\/14786\/revisions\/14789"}],"wp:featuredmedia":[{"embeddable":true,"href":"https:\/\/pararepublique.com\/index.php\/wp-json\/wp\/v2\/media\/14787"}],"wp:attachment":[{"href":"https:\/\/pararepublique.com\/index.php\/wp-json\/wp\/v2\/media?parent=14786"}],"wp:term":[{"taxonomy":"product_cat","embeddable":true,"href":"https:\/\/pararepublique.com\/index.php\/wp-json\/wp\/v2\/product_cat?post=14786"},{"taxonomy":"product_tag","embeddable":true,"href":"https:\/\/pararepublique.com\/index.php\/wp-json\/wp\/v2\/product_tag?post=14786"}],"curies":[{"name":"wp","href":"https:\/\/api.w.org\/{rel}","templated":true}]}}