{"id":14790,"date":"2024-12-19T12:14:16","date_gmt":"2024-12-19T12:14:16","guid":{"rendered":"https:\/\/pararepublique.com\/?post_type=product&#038;p=14790"},"modified":"2024-12-19T12:14:16","modified_gmt":"2024-12-19T12:14:16","slug":"parfum-my-insolence-100ml","status":"publish","type":"product","link":"https:\/\/pararepublique.com\/index.php\/product\/parfum-my-insolence-100ml\/","title":{"rendered":"PARFUM MY INSOLENCE 100ML"},"content":{"rendered":"<p>My Insolence, pr\u00e9sent\u00e9 en 2007, est une nouvelle version du parfum Insolence. My Insolence est con\u00e7u pour les femmes modernes et spontan\u00e9es qui n&rsquo;ont pas peur de d\u00e9voiler leur nature au grand jour. Envoutant et enjou\u00e9, le parfum d\u00e9licieux My Insolence met sur le devant de la sc\u00e8ne la framboise rafra\u00eechissante et irr\u00e9sistible.<\/p>\n","protected":false},"excerpt":{"rendered":"<p><b>My Insolence<\/b> de <b>Guerlain<\/b> est un parfum Floral fruit\u00e9 pour femme.<\/p>\n","protected":false},"featured_media":14791,"comment_status":"open","ping_status":"closed","template":"","meta":{"inline_featured_image":false,"_monsterinsights_skip_tracking":false,"_monsterinsights_sitenote_active":false,"_monsterinsights_sitenote_note":"","_monsterinsights_sitenote_category":0,"_joinchat":[]},"product_cat":[106],"product_tag":[],"class_list":{"0":"post-14790","1":"product","2":"type-product","3":"status-publish","4":"has-post-thumbnail","6":"product_cat-parfumerie","8":"first","9":"instock","10":"shipping-taxable","11":"purchasable","12":"product-type-simple","13":"add-to-wishlist-after_add_to_cart"},"aioseo_notices":[],"_links":{"self":[{"href":"https:\/\/pararepublique.com\/index.php\/wp-json\/wp\/v2\/product\/14790","targetHints":{"allow":["GET"]}}],"collection":[{"href":"https:\/\/pararepublique.com\/index.php\/wp-json\/wp\/v2\/product"}],"about":[{"href":"https:\/\/pararepublique.com\/index.php\/wp-json\/wp\/v2\/types\/product"}],"replies":[{"embeddable":true,"href":"https:\/\/pararepublique.com\/index.php\/wp-json\/wp\/v2\/comments?post=14790"}],"version-history":[{"count":1,"href":"https:\/\/pararepublique.com\/index.php\/wp-json\/wp\/v2\/product\/14790\/revisions"}],"predecessor-version":[{"id":14792,"href":"https:\/\/pararepublique.com\/index.php\/wp-json\/wp\/v2\/product\/14790\/revisions\/14792"}],"wp:featuredmedia":[{"embeddable":true,"href":"https:\/\/pararepublique.com\/index.php\/wp-json\/wp\/v2\/media\/14791"}],"wp:attachment":[{"href":"https:\/\/pararepublique.com\/index.php\/wp-json\/wp\/v2\/media?parent=14790"}],"wp:term":[{"taxonomy":"product_cat","embeddable":true,"href":"https:\/\/pararepublique.com\/index.php\/wp-json\/wp\/v2\/product_cat?post=14790"},{"taxonomy":"product_tag","embeddable":true,"href":"https:\/\/pararepublique.com\/index.php\/wp-json\/wp\/v2\/product_tag?post=14790"}],"curies":[{"name":"wp","href":"https:\/\/api.w.org\/{rel}","templated":true}]}}