{"id":14814,"date":"2024-12-19T12:47:14","date_gmt":"2024-12-19T12:47:14","guid":{"rendered":"https:\/\/pararepublique.com\/?post_type=product&#038;p=14814"},"modified":"2024-12-19T12:47:14","modified_gmt":"2024-12-19T12:47:14","slug":"parfum-nina-ricci-lextase","status":"publish","type":"product","link":"https:\/\/pararepublique.com\/index.php\/product\/parfum-nina-ricci-lextase\/","title":{"rendered":"PARFUM NINA RICCI L\u2019EXTASE"},"content":{"rendered":"<div class=\"WAZqE7 QfrfFD cell\">\n<section class=\"Va_ZoC\" data-hook=\"description-wrapper\">\n<div class=\"LvOu6J\">\n<div class=\"vaI0UH\" data-hook=\"content-wrapper\">\n<div>eau de parfum NINA RICCI L&rsquo;EXTASE 80ml<\/div>\n<div>\nAvec cette nouvelle cr\u00e9ation, Nina Ricci embrasse le r\u00eave d&rsquo;une femme au diapason de ses envies les plus secr\u00e8tes. En accord avec son temps, elle revendique un plaisir de tous les sens. Celui d&rsquo;\u00eatre surprise, troubl\u00e9e, puis boulevers\u00e9e. Une f\u00e9minit\u00e9 habit\u00e9e d&rsquo;\u00e9rotisme. \u00catre soi, m\u00eame nue. Surtout nue. Incandescente, libre, d\u00e9termin\u00e9e. Un r\u00eave \u00e9rotique f\u00e9minin, un voyage imaginaire et charnel, au plus pr\u00e8s d&rsquo;elle, jusqu&rsquo;\u00e0 L&rsquo;Extase.<\/p>\n<p>Notes olfactives<br \/>\nM\u00e9morable et sign\u00e9e, cette premi\u00e8re cr\u00e9ation de Francis Kurkdjian pour Nina Ricci est une \u00e9vocation du d\u00e9sir f\u00e9minin. Un Presque Rose construit autour d&rsquo;un bouquet de p\u00e9tales blancs, \u00e9clair\u00e9 de roses naturelles et instruit de baie rose, comme une caresse de satin. Puis, c&rsquo;est l&rsquo;Ombre Musqu\u00e9e qui se d\u00e9voile, enivre et trouble avec ses notes de benjoin de Siam et de c\u00e8dre de Virginie, subtilement agripp\u00e9es \u00e0 l&rsquo;ambre et \u00e0 la respiration des muscs.<\/p><\/div>\n<div><\/div>\n<\/div>\n<\/div>\n<\/section>\n<\/div>\n","protected":false},"excerpt":{"rendered":"<p>L&rsquo;Extase, une Eau de Parfum \u00e0 la pudeur incandescente, v\u00e9ritable signature \u00e9rotique.<\/p>\n","protected":false},"featured_media":14815,"comment_status":"open","ping_status":"closed","template":"","meta":{"inline_featured_image":false,"_monsterinsights_skip_tracking":false,"_monsterinsights_sitenote_active":false,"_monsterinsights_sitenote_note":"","_monsterinsights_sitenote_category":0,"_joinchat":[]},"product_cat":[106],"product_tag":[],"class_list":{"0":"post-14814","1":"product","2":"type-product","3":"status-publish","4":"has-post-thumbnail","6":"product_cat-parfumerie","8":"first","9":"instock","10":"shipping-taxable","11":"purchasable","12":"product-type-simple","13":"add-to-wishlist-after_add_to_cart"},"aioseo_notices":[],"_links":{"self":[{"href":"https:\/\/pararepublique.com\/index.php\/wp-json\/wp\/v2\/product\/14814","targetHints":{"allow":["GET"]}}],"collection":[{"href":"https:\/\/pararepublique.com\/index.php\/wp-json\/wp\/v2\/product"}],"about":[{"href":"https:\/\/pararepublique.com\/index.php\/wp-json\/wp\/v2\/types\/product"}],"replies":[{"embeddable":true,"href":"https:\/\/pararepublique.com\/index.php\/wp-json\/wp\/v2\/comments?post=14814"}],"version-history":[{"count":2,"href":"https:\/\/pararepublique.com\/index.php\/wp-json\/wp\/v2\/product\/14814\/revisions"}],"predecessor-version":[{"id":14817,"href":"https:\/\/pararepublique.com\/index.php\/wp-json\/wp\/v2\/product\/14814\/revisions\/14817"}],"wp:featuredmedia":[{"embeddable":true,"href":"https:\/\/pararepublique.com\/index.php\/wp-json\/wp\/v2\/media\/14815"}],"wp:attachment":[{"href":"https:\/\/pararepublique.com\/index.php\/wp-json\/wp\/v2\/media?parent=14814"}],"wp:term":[{"taxonomy":"product_cat","embeddable":true,"href":"https:\/\/pararepublique.com\/index.php\/wp-json\/wp\/v2\/product_cat?post=14814"},{"taxonomy":"product_tag","embeddable":true,"href":"https:\/\/pararepublique.com\/index.php\/wp-json\/wp\/v2\/product_tag?post=14814"}],"curies":[{"name":"wp","href":"https:\/\/api.w.org\/{rel}","templated":true}]}}