{"id":14826,"date":"2024-12-19T13:50:45","date_gmt":"2024-12-19T13:50:45","guid":{"rendered":"https:\/\/pararepublique.com\/?post_type=product&#038;p=14826"},"modified":"2024-12-19T13:50:45","modified_gmt":"2024-12-19T13:50:45","slug":"parfum-one-man-show-gold-edition","status":"publish","type":"product","link":"https:\/\/pararepublique.com\/index.php\/product\/parfum-one-man-show-gold-edition\/","title":{"rendered":"PARFUM ONE MAN SHOW GOLD EDITION"},"content":{"rendered":"<p>One Man Show Gold Cologne de Jacques Bogart, Sorti en 2011, One Man Show Gold est une eau de Cologne en \u00e9dition limit\u00e9e pour hommes. Alors que le parfum original poss\u00e9dait un profil chypr\u00e9, cette version mise \u00e0 jour est une offre foug\u00e8re. Ce parfum fonctionne mieux en conjonction avec l&rsquo;air frais des nuits d&rsquo;automne et d&rsquo;hiver. Le parfum est tr\u00e8s durable et a un excellent sillage et projection. Les notes de t\u00eate s&rsquo;ouvrent sur les notes parfum\u00e9es juteuses et mousseuses de la pomme associ\u00e9es \u00e0 la mandarine. L&rsquo;anis, la fleur d&rsquo;oranger d&rsquo;Afrique et la violette continuent d&rsquo;\u00e9lever l&rsquo;exp\u00e9rience. Les notes de c\u0153ur embrassent un r\u00eave aromatique de lavande, de g\u00e9ranium, de cannelle et de clou de girofle. Le fond est une union souple et chaleureuse de musc, d&rsquo;ambre gris, de labdanum et de notes bois\u00e9es. Ce parfum moderne est un hommage raffin\u00e9 aux classiques. Jacques Bogart a \u00e9t\u00e9 fond\u00e9e en 1975, la m\u00eame ann\u00e9e o\u00f9 elle a sorti son premier parfum.<\/p>\n","protected":false},"excerpt":{"rendered":"<p>One Man Show Gold Cologne de Jacques Bogart, Sorti en 2011, One Man Show Gold est une eau de Cologne en \u00e9dition limit\u00e9e pour hommes.<\/p>\n","protected":false},"featured_media":14827,"comment_status":"open","ping_status":"closed","template":"","meta":{"inline_featured_image":false,"_monsterinsights_skip_tracking":false,"_monsterinsights_sitenote_active":false,"_monsterinsights_sitenote_note":"","_monsterinsights_sitenote_category":0,"_joinchat":[]},"product_cat":[106],"product_tag":[],"class_list":{"0":"post-14826","1":"product","2":"type-product","3":"status-publish","4":"has-post-thumbnail","6":"product_cat-parfumerie","8":"first","9":"instock","10":"shipping-taxable","11":"purchasable","12":"product-type-simple","13":"add-to-wishlist-after_add_to_cart"},"aioseo_notices":[],"_links":{"self":[{"href":"https:\/\/pararepublique.com\/index.php\/wp-json\/wp\/v2\/product\/14826","targetHints":{"allow":["GET"]}}],"collection":[{"href":"https:\/\/pararepublique.com\/index.php\/wp-json\/wp\/v2\/product"}],"about":[{"href":"https:\/\/pararepublique.com\/index.php\/wp-json\/wp\/v2\/types\/product"}],"replies":[{"embeddable":true,"href":"https:\/\/pararepublique.com\/index.php\/wp-json\/wp\/v2\/comments?post=14826"}],"version-history":[{"count":1,"href":"https:\/\/pararepublique.com\/index.php\/wp-json\/wp\/v2\/product\/14826\/revisions"}],"predecessor-version":[{"id":14828,"href":"https:\/\/pararepublique.com\/index.php\/wp-json\/wp\/v2\/product\/14826\/revisions\/14828"}],"wp:featuredmedia":[{"embeddable":true,"href":"https:\/\/pararepublique.com\/index.php\/wp-json\/wp\/v2\/media\/14827"}],"wp:attachment":[{"href":"https:\/\/pararepublique.com\/index.php\/wp-json\/wp\/v2\/media?parent=14826"}],"wp:term":[{"taxonomy":"product_cat","embeddable":true,"href":"https:\/\/pararepublique.com\/index.php\/wp-json\/wp\/v2\/product_cat?post=14826"},{"taxonomy":"product_tag","embeddable":true,"href":"https:\/\/pararepublique.com\/index.php\/wp-json\/wp\/v2\/product_tag?post=14826"}],"curies":[{"name":"wp","href":"https:\/\/api.w.org\/{rel}","templated":true}]}}