{"id":14893,"date":"2024-12-19T16:17:18","date_gmt":"2024-12-19T16:17:18","guid":{"rendered":"https:\/\/pararepublique.com\/?post_type=product&#038;p=14893"},"modified":"2024-12-19T16:17:18","modified_gmt":"2024-12-19T16:17:18","slug":"parfum-shalimar-initial-50ml","status":"publish","type":"product","link":"https:\/\/pararepublique.com\/index.php\/product\/parfum-shalimar-initial-50ml\/","title":{"rendered":"PARFUM SHALIMAR INITIAL 50ML"},"content":{"rendered":"<div>\n<ul>\n<li>Un parfum floral oriental pour les femmes contemporaines.<\/li>\n<li>Frais, lumineux, propre, f\u00e9minin et enchant\u00e9.<\/li>\n<li>Notes de haut en clo\u00e8lie, bergamote, orange et pamplemousse.<\/li>\n<li>Notes de c\u0153ur du jasmin, de l&rsquo;iris, de la jacinthe, de la rose, de la freesia et du ly de la vall\u00e9e.<\/li>\n<li>Notes de base de vanille et de haricot tonka.<\/li>\n<li>Lanc\u00e9 en 2012.<\/li>\n<li>Id\u00e9al pour l&rsquo;usure du printemps ou de l&rsquo;\u00e9t\u00e9.<\/li>\n<\/ul>\n<\/div>\n","protected":false},"excerpt":{"rendered":"<p>Un parfum floral oriental pour les femmes contemporaines.<\/p>\n<p>Frais, lumineux, propre, f\u00e9minin et enchant\u00e9.<\/p>\n","protected":false},"featured_media":14895,"comment_status":"open","ping_status":"closed","template":"","meta":{"inline_featured_image":false,"_monsterinsights_skip_tracking":false,"_monsterinsights_sitenote_active":false,"_monsterinsights_sitenote_note":"","_monsterinsights_sitenote_category":0,"_joinchat":[]},"product_cat":[106],"product_tag":[],"class_list":{"0":"post-14893","1":"product","2":"type-product","3":"status-publish","4":"has-post-thumbnail","6":"product_cat-parfumerie","8":"first","9":"instock","10":"shipping-taxable","11":"purchasable","12":"product-type-simple","13":"add-to-wishlist-after_add_to_cart"},"aioseo_notices":[],"_links":{"self":[{"href":"https:\/\/pararepublique.com\/index.php\/wp-json\/wp\/v2\/product\/14893","targetHints":{"allow":["GET"]}}],"collection":[{"href":"https:\/\/pararepublique.com\/index.php\/wp-json\/wp\/v2\/product"}],"about":[{"href":"https:\/\/pararepublique.com\/index.php\/wp-json\/wp\/v2\/types\/product"}],"replies":[{"embeddable":true,"href":"https:\/\/pararepublique.com\/index.php\/wp-json\/wp\/v2\/comments?post=14893"}],"version-history":[{"count":1,"href":"https:\/\/pararepublique.com\/index.php\/wp-json\/wp\/v2\/product\/14893\/revisions"}],"predecessor-version":[{"id":14896,"href":"https:\/\/pararepublique.com\/index.php\/wp-json\/wp\/v2\/product\/14893\/revisions\/14896"}],"wp:featuredmedia":[{"embeddable":true,"href":"https:\/\/pararepublique.com\/index.php\/wp-json\/wp\/v2\/media\/14895"}],"wp:attachment":[{"href":"https:\/\/pararepublique.com\/index.php\/wp-json\/wp\/v2\/media?parent=14893"}],"wp:term":[{"taxonomy":"product_cat","embeddable":true,"href":"https:\/\/pararepublique.com\/index.php\/wp-json\/wp\/v2\/product_cat?post=14893"},{"taxonomy":"product_tag","embeddable":true,"href":"https:\/\/pararepublique.com\/index.php\/wp-json\/wp\/v2\/product_tag?post=14893"}],"curies":[{"name":"wp","href":"https:\/\/api.w.org\/{rel}","templated":true}]}}