{"id":14908,"date":"2024-12-19T16:36:05","date_gmt":"2024-12-19T16:36:05","guid":{"rendered":"https:\/\/pararepublique.com\/?post_type=product&#038;p=14908"},"modified":"2024-12-19T16:36:06","modified_gmt":"2024-12-19T16:36:06","slug":"parfum-si-giorgio-armni","status":"publish","type":"product","link":"https:\/\/pararepublique.com\/index.php\/product\/parfum-si-giorgio-armni\/","title":{"rendered":"PARFUM SI GIORGIO ARMNI"},"content":{"rendered":"","protected":false},"excerpt":{"rendered":"<p><strong>Si Passione de Giorgio Armani<\/strong> est un parfum fruit\u00e9 floral pour les femmes. Notes timbres : poivron rose, poire, cassis, pamplemousse. Notes moyennes : rose, jasmin, h\u00e9liotrope, ananas. Notes de base : c\u00e8dre, vanille, bois d&rsquo;amateur, patchouli. Si Passione a \u00e9t\u00e9 lanc\u00e9 en 2017.<\/p>\n","protected":false},"featured_media":14909,"comment_status":"open","ping_status":"closed","template":"","meta":{"inline_featured_image":false,"_monsterinsights_skip_tracking":false,"_monsterinsights_sitenote_active":false,"_monsterinsights_sitenote_note":"","_monsterinsights_sitenote_category":0,"_joinchat":[]},"product_cat":[106],"product_tag":[],"class_list":{"0":"post-14908","1":"product","2":"type-product","3":"status-publish","4":"has-post-thumbnail","6":"product_cat-parfumerie","8":"first","9":"instock","10":"shipping-taxable","11":"purchasable","12":"product-type-simple","13":"add-to-wishlist-after_add_to_cart"},"aioseo_notices":[],"_links":{"self":[{"href":"https:\/\/pararepublique.com\/index.php\/wp-json\/wp\/v2\/product\/14908","targetHints":{"allow":["GET"]}}],"collection":[{"href":"https:\/\/pararepublique.com\/index.php\/wp-json\/wp\/v2\/product"}],"about":[{"href":"https:\/\/pararepublique.com\/index.php\/wp-json\/wp\/v2\/types\/product"}],"replies":[{"embeddable":true,"href":"https:\/\/pararepublique.com\/index.php\/wp-json\/wp\/v2\/comments?post=14908"}],"version-history":[{"count":2,"href":"https:\/\/pararepublique.com\/index.php\/wp-json\/wp\/v2\/product\/14908\/revisions"}],"predecessor-version":[{"id":14911,"href":"https:\/\/pararepublique.com\/index.php\/wp-json\/wp\/v2\/product\/14908\/revisions\/14911"}],"wp:featuredmedia":[{"embeddable":true,"href":"https:\/\/pararepublique.com\/index.php\/wp-json\/wp\/v2\/media\/14909"}],"wp:attachment":[{"href":"https:\/\/pararepublique.com\/index.php\/wp-json\/wp\/v2\/media?parent=14908"}],"wp:term":[{"taxonomy":"product_cat","embeddable":true,"href":"https:\/\/pararepublique.com\/index.php\/wp-json\/wp\/v2\/product_cat?post=14908"},{"taxonomy":"product_tag","embeddable":true,"href":"https:\/\/pararepublique.com\/index.php\/wp-json\/wp\/v2\/product_tag?post=14908"}],"curies":[{"name":"wp","href":"https:\/\/api.w.org\/{rel}","templated":true}]}}