{"id":14963,"date":"2024-12-20T12:41:35","date_gmt":"2024-12-20T12:41:35","guid":{"rendered":"https:\/\/pararepublique.com\/?post_type=product&#038;p=14963"},"modified":"2024-12-20T12:41:36","modified_gmt":"2024-12-20T12:41:36","slug":"tocade-rochas-edt-100ml","status":"publish","type":"product","link":"https:\/\/pararepublique.com\/index.php\/product\/tocade-rochas-edt-100ml\/","title":{"rendered":"TOCADE ROCHAS EDT 100ML"},"content":{"rendered":"<h3><strong>Tocade Eau de Toilette &#8211; Rochas<\/strong><\/h3>\n<p>Lanc\u00e9e en 1994, <strong>Tocade Eau de Toilette<\/strong> est class\u00e9e comme une fragrance f\u00e9minine appartenant aux familles florale et orientale. Cette cr\u00e9ation est l\u2019\u0153uvre du parfumeur <strong>Maurice Roussel<\/strong> et fait partie de la collection <strong>Tocade<\/strong>.<\/p>\n<h3><strong>Composition<\/strong><\/h3>\n<ul>\n<li><strong>Notes de t\u00eate<\/strong> : Bergamote, freesia, g\u00e9ranium et accord vert (notes vertes).<\/li>\n<li><strong>Notes de c\u0153ur<\/strong> : Iris, muguet, magnolia, orchid\u00e9e, rose et jasmin.<\/li>\n<li><strong>Notes de fond<\/strong> : Ambre, c\u00e8dre, musc, patchouli et vanille.<\/li>\n<\/ul>\n","protected":false},"excerpt":{"rendered":"<p>eau de toilette TOCADE de ROCHAS 100ml<br \/>\nGaie, sensuelle et passionn\u00e9e, une fragrance \u00e0 la sensualit\u00e9 gourmande exprim\u00e9e par des notes d&rsquo;ambre et de vanille.<\/p>\n","protected":false},"featured_media":14964,"comment_status":"open","ping_status":"closed","template":"","meta":{"inline_featured_image":false,"_monsterinsights_skip_tracking":false,"_monsterinsights_sitenote_active":false,"_monsterinsights_sitenote_note":"","_monsterinsights_sitenote_category":0,"_joinchat":[]},"product_cat":[106],"product_tag":[],"class_list":{"0":"post-14963","1":"product","2":"type-product","3":"status-publish","4":"has-post-thumbnail","6":"product_cat-parfumerie","8":"first","9":"instock","10":"shipping-taxable","11":"purchasable","12":"product-type-simple","13":"add-to-wishlist-after_add_to_cart"},"aioseo_notices":[],"_links":{"self":[{"href":"https:\/\/pararepublique.com\/index.php\/wp-json\/wp\/v2\/product\/14963","targetHints":{"allow":["GET"]}}],"collection":[{"href":"https:\/\/pararepublique.com\/index.php\/wp-json\/wp\/v2\/product"}],"about":[{"href":"https:\/\/pararepublique.com\/index.php\/wp-json\/wp\/v2\/types\/product"}],"replies":[{"embeddable":true,"href":"https:\/\/pararepublique.com\/index.php\/wp-json\/wp\/v2\/comments?post=14963"}],"version-history":[{"count":1,"href":"https:\/\/pararepublique.com\/index.php\/wp-json\/wp\/v2\/product\/14963\/revisions"}],"predecessor-version":[{"id":14965,"href":"https:\/\/pararepublique.com\/index.php\/wp-json\/wp\/v2\/product\/14963\/revisions\/14965"}],"wp:featuredmedia":[{"embeddable":true,"href":"https:\/\/pararepublique.com\/index.php\/wp-json\/wp\/v2\/media\/14964"}],"wp:attachment":[{"href":"https:\/\/pararepublique.com\/index.php\/wp-json\/wp\/v2\/media?parent=14963"}],"wp:term":[{"taxonomy":"product_cat","embeddable":true,"href":"https:\/\/pararepublique.com\/index.php\/wp-json\/wp\/v2\/product_cat?post=14963"},{"taxonomy":"product_tag","embeddable":true,"href":"https:\/\/pararepublique.com\/index.php\/wp-json\/wp\/v2\/product_tag?post=14963"}],"curies":[{"name":"wp","href":"https:\/\/api.w.org\/{rel}","templated":true}]}}