{"id":14984,"date":"2024-12-20T13:21:47","date_gmt":"2024-12-20T13:21:47","guid":{"rendered":"https:\/\/pararepublique.com\/?post_type=product&#038;p=14984"},"modified":"2024-12-20T13:21:47","modified_gmt":"2024-12-20T13:21:47","slug":"parfum-champs-elysees-eau-de-parfum-100ml","status":"publish","type":"product","link":"https:\/\/pararepublique.com\/index.php\/product\/parfum-champs-elysees-eau-de-parfum-100ml\/","title":{"rendered":"PARFUM CHAMPS-ELYSEES EAU DE PARFUM 100ML"},"content":{"rendered":"<div class=\"woocommerce-product-details__short-description\">\n<p>Son flacon silhouette exprime la beaut\u00e9 du corps de la femme. Surmont\u00e9 d\u2019un bouchon au front large, le verre poli s\u2019\u00e9tire et sublime les rondeurs \u00e9vocatrices de la femme. Cette pl\u00e9nitude, belle et enti\u00e8re, s\u2019ancre solidement sur un triangle de vie. Entre la pyramide de Pei et l\u2019Arc de Triomphe, il \u00e9voque la c\u00e9l\u00e8bre perspective des Champs-\u00c9lys\u00e9es.<\/p>\n<p>Avec Champs-\u00c9lys\u00e9es, c\u2019est la premi\u00e8re fois en Parfumerie que le mimosa est utilis\u00e9 dans toute sa majest\u00e9.<br \/>\nInspir\u00e9 du printemps et de l\u2019\u00e9t\u00e9 sous un mimosa en fleurs, Champs-\u00c9lys\u00e9es est une interpr\u00e9tation de la fra\u00eecheur v\u00e9g\u00e9tale dans toute sa splendeur.<\/p>\n<\/div>\n","protected":false},"excerpt":{"rendered":"<p>Entre la pyramide de Pei et l\u2019Arc de Triomphe, il \u00e9voque la c\u00e9l\u00e8bre perspective des Champs-\u00c9lys\u00e9es.<\/p>\n","protected":false},"featured_media":14985,"comment_status":"open","ping_status":"closed","template":"","meta":{"inline_featured_image":false,"_monsterinsights_skip_tracking":false,"_monsterinsights_sitenote_active":false,"_monsterinsights_sitenote_note":"","_monsterinsights_sitenote_category":0,"_joinchat":[]},"product_cat":[106],"product_tag":[],"class_list":{"0":"post-14984","1":"product","2":"type-product","3":"status-publish","4":"has-post-thumbnail","6":"product_cat-parfumerie","8":"first","9":"instock","10":"shipping-taxable","11":"purchasable","12":"product-type-simple","13":"add-to-wishlist-after_add_to_cart"},"aioseo_notices":[],"_links":{"self":[{"href":"https:\/\/pararepublique.com\/index.php\/wp-json\/wp\/v2\/product\/14984","targetHints":{"allow":["GET"]}}],"collection":[{"href":"https:\/\/pararepublique.com\/index.php\/wp-json\/wp\/v2\/product"}],"about":[{"href":"https:\/\/pararepublique.com\/index.php\/wp-json\/wp\/v2\/types\/product"}],"replies":[{"embeddable":true,"href":"https:\/\/pararepublique.com\/index.php\/wp-json\/wp\/v2\/comments?post=14984"}],"version-history":[{"count":2,"href":"https:\/\/pararepublique.com\/index.php\/wp-json\/wp\/v2\/product\/14984\/revisions"}],"predecessor-version":[{"id":14987,"href":"https:\/\/pararepublique.com\/index.php\/wp-json\/wp\/v2\/product\/14984\/revisions\/14987"}],"wp:featuredmedia":[{"embeddable":true,"href":"https:\/\/pararepublique.com\/index.php\/wp-json\/wp\/v2\/media\/14985"}],"wp:attachment":[{"href":"https:\/\/pararepublique.com\/index.php\/wp-json\/wp\/v2\/media?parent=14984"}],"wp:term":[{"taxonomy":"product_cat","embeddable":true,"href":"https:\/\/pararepublique.com\/index.php\/wp-json\/wp\/v2\/product_cat?post=14984"},{"taxonomy":"product_tag","embeddable":true,"href":"https:\/\/pararepublique.com\/index.php\/wp-json\/wp\/v2\/product_tag?post=14984"}],"curies":[{"name":"wp","href":"https:\/\/api.w.org\/{rel}","templated":true}]}}