{"id":15073,"date":"2024-12-20T16:03:42","date_gmt":"2024-12-20T16:03:42","guid":{"rendered":"https:\/\/pararepublique.com\/?post_type=product&#038;p=15073"},"modified":"2024-12-20T16:03:42","modified_gmt":"2024-12-20T16:03:42","slug":"parfum-coffret-olympea","status":"publish","type":"product","link":"https:\/\/pararepublique.com\/index.php\/product\/parfum-coffret-olympea\/","title":{"rendered":"PARFUM COFFRET OLYMPEA"},"content":{"rendered":"<div id=\"tab-description\" class=\"panel entry-content active\">\n<p>M\u00e9tal-miroir. Ombre et lumi\u00e8re. Flacon \u00e0 l\u2019infini. Coffret voyage exclusif Paco Rabanne. Eau de Parfum Olymp\u00e9a (80 ml), et son travel spray (10ml)<\/p>\n<p>L\u2019eau de parfum OLYMPEA de Paco Rabanne donne le pouvoir aux femmes.<br \/>\nDes notes de vanille sal\u00e9e, de mandarine verte, de jasmin d\u2019eau et de fleur de gingembre se combinent pour cr\u00e9er un parfum envo\u00fbtant et charnel.<br \/>\nOLYMPEA pour femme de Paco Rabanne fait de vous une d\u00e9esse, une ic\u00f4ne, fascinante et unique\u00a0!<br \/>\nOLYMPEA. D\u00e9esse des temps modernes. Un parfum pour femme oriental frais et puissant, port\u00e9 par une harmonie de \u00ab\u00a0vanille sal\u00e9e\u00a0\u00bb qui se fond sur la peau.<br \/>\nUn duel frais-charnel men\u00e9 par l\u2019impulsion de la mandarine verte, du jasmin d\u2019eau et de la fleur de gingembre.<br \/>\nUn parfum vanill\u00e9 pour femme, sensuel, puissant, presque animal, rehauss\u00e9 par l\u2019ambre gris et le bois du Cachemire. Le parfum des femmes fatales.<\/p>\n<\/div>\n","protected":false},"excerpt":{"rendered":"<p>Pas de pyramide olfactive t\u00eate-c\u0153ur-fond<br \/>\nLe parfum divin \u00e0 la signature orientale fra\u00eeche : le d\u00e9part \u00e9clatant de notes de mandarine verte r\u00e9v\u00e8le un accord vanille sal\u00e9e unique.<br \/>\nL\u2019addiction des notes captivantes de jasmin et fleur de gingembre d\u00e9voile un fond bois de cachemire et ambre gris sensuel.<\/p>\n","protected":false},"featured_media":15074,"comment_status":"open","ping_status":"closed","template":"","meta":{"inline_featured_image":false,"_monsterinsights_skip_tracking":false,"_monsterinsights_sitenote_active":false,"_monsterinsights_sitenote_note":"","_monsterinsights_sitenote_category":0,"_joinchat":[]},"product_cat":[106],"product_tag":[],"class_list":{"0":"post-15073","1":"product","2":"type-product","3":"status-publish","4":"has-post-thumbnail","6":"product_cat-parfumerie","8":"first","9":"instock","10":"shipping-taxable","11":"purchasable","12":"product-type-simple","13":"add-to-wishlist-after_add_to_cart"},"aioseo_notices":[],"_links":{"self":[{"href":"https:\/\/pararepublique.com\/index.php\/wp-json\/wp\/v2\/product\/15073","targetHints":{"allow":["GET"]}}],"collection":[{"href":"https:\/\/pararepublique.com\/index.php\/wp-json\/wp\/v2\/product"}],"about":[{"href":"https:\/\/pararepublique.com\/index.php\/wp-json\/wp\/v2\/types\/product"}],"replies":[{"embeddable":true,"href":"https:\/\/pararepublique.com\/index.php\/wp-json\/wp\/v2\/comments?post=15073"}],"version-history":[{"count":1,"href":"https:\/\/pararepublique.com\/index.php\/wp-json\/wp\/v2\/product\/15073\/revisions"}],"predecessor-version":[{"id":15075,"href":"https:\/\/pararepublique.com\/index.php\/wp-json\/wp\/v2\/product\/15073\/revisions\/15075"}],"wp:featuredmedia":[{"embeddable":true,"href":"https:\/\/pararepublique.com\/index.php\/wp-json\/wp\/v2\/media\/15074"}],"wp:attachment":[{"href":"https:\/\/pararepublique.com\/index.php\/wp-json\/wp\/v2\/media?parent=15073"}],"wp:term":[{"taxonomy":"product_cat","embeddable":true,"href":"https:\/\/pararepublique.com\/index.php\/wp-json\/wp\/v2\/product_cat?post=15073"},{"taxonomy":"product_tag","embeddable":true,"href":"https:\/\/pararepublique.com\/index.php\/wp-json\/wp\/v2\/product_tag?post=15073"}],"curies":[{"name":"wp","href":"https:\/\/api.w.org\/{rel}","templated":true}]}}