{"id":15104,"date":"2024-12-22T17:53:05","date_gmt":"2024-12-22T17:53:05","guid":{"rendered":"https:\/\/pararepublique.com\/?post_type=product&#038;p=15104"},"modified":"2024-12-22T17:53:06","modified_gmt":"2024-12-22T17:53:06","slug":"parfum-dior-addiction-100ml","status":"publish","type":"product","link":"https:\/\/pararepublique.com\/index.php\/product\/parfum-dior-addiction-100ml\/","title":{"rendered":"PARFUM DIOR ADDICTION 100ML"},"content":{"rendered":"<p>\u00c0 travers Dior Addict, la maison Dior d\u00e9voile un parfum oriental floral, par\u00e9 d&rsquo;une accroche fra\u00eeche et attirante. Sa composition allie la fleur d&rsquo;oranger de Tunisie, ingr\u00e9dient \u00e0 caract\u00e8re oriental, rafra\u00eechit par la feuille de mandarinier. Profond et exaltant, le coeur de l&rsquo;eau de parfum Dior Addict exprime le puissant Absolu Jasmin Sambac, qui se d\u00e9ploie dans une douceur f\u00e9minine pleine de volupt\u00e9. Le fond se meut dans une merveilleuse et intense chaleur apport\u00e9e par la Vanille Bourbon. V\u00e9ritable parfum oriental floral, Dior Addict d\u00e9ploie un sillage suave emplit de s\u00e9duction, une empreinte pleine de lumi\u00e8re.<\/p>\n","protected":false},"excerpt":{"rendered":"<div id=\"tab-1\">\n<div class=\"rte\">\n<p>Dior Addict : un parfum oriental floral pour femme, \u00e0 la fois puissant et exaltant.<\/p>\n<p>&nbsp;<\/p>\n<\/div>\n<\/div>\n","protected":false},"featured_media":15105,"comment_status":"open","ping_status":"closed","template":"","meta":{"inline_featured_image":false,"_monsterinsights_skip_tracking":false,"_monsterinsights_sitenote_active":false,"_monsterinsights_sitenote_note":"","_monsterinsights_sitenote_category":0,"_joinchat":[]},"product_cat":[106],"product_tag":[],"class_list":{"0":"post-15104","1":"product","2":"type-product","3":"status-publish","4":"has-post-thumbnail","6":"product_cat-parfumerie","8":"first","9":"instock","10":"shipping-taxable","11":"purchasable","12":"product-type-simple","13":"add-to-wishlist-after_add_to_cart"},"aioseo_notices":[],"_links":{"self":[{"href":"https:\/\/pararepublique.com\/index.php\/wp-json\/wp\/v2\/product\/15104","targetHints":{"allow":["GET"]}}],"collection":[{"href":"https:\/\/pararepublique.com\/index.php\/wp-json\/wp\/v2\/product"}],"about":[{"href":"https:\/\/pararepublique.com\/index.php\/wp-json\/wp\/v2\/types\/product"}],"replies":[{"embeddable":true,"href":"https:\/\/pararepublique.com\/index.php\/wp-json\/wp\/v2\/comments?post=15104"}],"version-history":[{"count":1,"href":"https:\/\/pararepublique.com\/index.php\/wp-json\/wp\/v2\/product\/15104\/revisions"}],"predecessor-version":[{"id":15106,"href":"https:\/\/pararepublique.com\/index.php\/wp-json\/wp\/v2\/product\/15104\/revisions\/15106"}],"wp:featuredmedia":[{"embeddable":true,"href":"https:\/\/pararepublique.com\/index.php\/wp-json\/wp\/v2\/media\/15105"}],"wp:attachment":[{"href":"https:\/\/pararepublique.com\/index.php\/wp-json\/wp\/v2\/media?parent=15104"}],"wp:term":[{"taxonomy":"product_cat","embeddable":true,"href":"https:\/\/pararepublique.com\/index.php\/wp-json\/wp\/v2\/product_cat?post=15104"},{"taxonomy":"product_tag","embeddable":true,"href":"https:\/\/pararepublique.com\/index.php\/wp-json\/wp\/v2\/product_tag?post=15104"}],"curies":[{"name":"wp","href":"https:\/\/api.w.org\/{rel}","templated":true}]}}