{"id":15140,"date":"2024-12-22T18:51:21","date_gmt":"2024-12-22T18:51:21","guid":{"rendered":"https:\/\/pararepublique.com\/?post_type=product&#038;p=15140"},"modified":"2024-12-22T18:51:21","modified_gmt":"2024-12-22T18:51:21","slug":"parfum-eden-cacharel-50ml","status":"publish","type":"product","link":"https:\/\/pararepublique.com\/index.php\/product\/parfum-eden-cacharel-50ml\/","title":{"rendered":"PARFUM EDEN CACHAREL 50ML"},"content":{"rendered":"<p data-pm-slice=\"1 1 []\">Ce parfum iconique de la maison Cacharel va vous transporter au paradis et dans le jardin d&rsquo;Eden. Le flacon :<\/p>\n<p>Notes :<\/p>\n<p>Fleur de Lotus &#8211; Mimosa &#8211; Violette &#8211; Patchouli<\/p>\n<p>Cacharel, la marque de votre premier parfum. De belles histoires inoubliables et de grands th\u00e8mes universels : l\u2019amour avec Amor Amor, la tendresse avec Ana\u00efs Ana\u00efs, la volont\u00e9 de changer le monde avec Noa, l\u2019explosion de f\u00e9minit\u00e9, la d\u00e9claration d&rsquo;audace et d&rsquo;ind\u00e9pendance avec la collection Yes I Am.<\/p>\n<p>Cacharel, c&rsquo;est la marque de votre premier parfum. Celle des belles histoires inoubliables et de grands th\u00e8mes universels : comme l\u2019amour avec Amor Amor, la tendresse avec Ana\u00efs Ana\u00efs, la volont\u00e9 de changer le monde avec Noa, l\u2019explosion de f\u00e9minit\u00e9, la d\u00e9claration d&rsquo;audace et d&rsquo;ind\u00e9pendance avec Yes I Am.<\/p>\n","protected":false},"excerpt":{"rendered":"<p>Poli comme un galet de jade, chaque flacon est unique. En effet gr\u00e2ce \u00e0 un proc\u00e9d\u00e9 technique particulier, chaque flacon est vein\u00e9 de mani\u00e8re \u00e0 ce que sa forme et sa couleur ne soient jamais les m\u00eames.<\/p>\n","protected":false},"featured_media":15141,"comment_status":"open","ping_status":"closed","template":"","meta":{"inline_featured_image":false,"_monsterinsights_skip_tracking":false,"_monsterinsights_sitenote_active":false,"_monsterinsights_sitenote_note":"","_monsterinsights_sitenote_category":0,"_joinchat":[]},"product_cat":[106],"product_tag":[],"class_list":{"0":"post-15140","1":"product","2":"type-product","3":"status-publish","4":"has-post-thumbnail","6":"product_cat-parfumerie","8":"first","9":"instock","10":"shipping-taxable","11":"purchasable","12":"product-type-simple","13":"add-to-wishlist-after_add_to_cart"},"aioseo_notices":[],"_links":{"self":[{"href":"https:\/\/pararepublique.com\/index.php\/wp-json\/wp\/v2\/product\/15140","targetHints":{"allow":["GET"]}}],"collection":[{"href":"https:\/\/pararepublique.com\/index.php\/wp-json\/wp\/v2\/product"}],"about":[{"href":"https:\/\/pararepublique.com\/index.php\/wp-json\/wp\/v2\/types\/product"}],"replies":[{"embeddable":true,"href":"https:\/\/pararepublique.com\/index.php\/wp-json\/wp\/v2\/comments?post=15140"}],"version-history":[{"count":2,"href":"https:\/\/pararepublique.com\/index.php\/wp-json\/wp\/v2\/product\/15140\/revisions"}],"predecessor-version":[{"id":15143,"href":"https:\/\/pararepublique.com\/index.php\/wp-json\/wp\/v2\/product\/15140\/revisions\/15143"}],"wp:featuredmedia":[{"embeddable":true,"href":"https:\/\/pararepublique.com\/index.php\/wp-json\/wp\/v2\/media\/15141"}],"wp:attachment":[{"href":"https:\/\/pararepublique.com\/index.php\/wp-json\/wp\/v2\/media?parent=15140"}],"wp:term":[{"taxonomy":"product_cat","embeddable":true,"href":"https:\/\/pararepublique.com\/index.php\/wp-json\/wp\/v2\/product_cat?post=15140"},{"taxonomy":"product_tag","embeddable":true,"href":"https:\/\/pararepublique.com\/index.php\/wp-json\/wp\/v2\/product_tag?post=15140"}],"curies":[{"name":"wp","href":"https:\/\/api.w.org\/{rel}","templated":true}]}}