{"id":15224,"date":"2024-12-22T21:54:22","date_gmt":"2024-12-22T21:54:22","guid":{"rendered":"https:\/\/pararepublique.com\/?post_type=product&#038;p=15224"},"modified":"2024-12-22T21:54:22","modified_gmt":"2024-12-22T21:54:22","slug":"parfum-azzaro-onyx-homme-edt-100ml","status":"publish","type":"product","link":"https:\/\/pararepublique.com\/index.php\/product\/parfum-azzaro-onyx-homme-edt-100ml\/","title":{"rendered":"PARFUM AZZARO ONYX HOMME EDT 100ML"},"content":{"rendered":"<p><b>Onyx<\/b> a \u00e9t\u00e9 lanc\u00e9 en 2005. Le nez derri\u00e8re ce parfum est Francoise Caron. Les notes de t\u00eate sont Lavande, Mandarine et Bergamote; les notes de coeur sont Basilic, Cardamome et G\u00e9ranium; les notes de fond sont Patchouli, Cuir, Mousse de ch\u00eane, Benjoin et Ambre.<\/p>\n","protected":false},"excerpt":{"rendered":"<p><b>Onyx<\/b> de <b>Azzaro<\/b> est un parfum Bois\u00e9 Aromatique pour homme.<\/p>\n","protected":false},"featured_media":15225,"comment_status":"open","ping_status":"closed","template":"","meta":{"inline_featured_image":false,"_monsterinsights_skip_tracking":false,"_monsterinsights_sitenote_active":false,"_monsterinsights_sitenote_note":"","_monsterinsights_sitenote_category":0,"_joinchat":[]},"product_cat":[106],"product_tag":[],"class_list":{"0":"post-15224","1":"product","2":"type-product","3":"status-publish","4":"has-post-thumbnail","6":"product_cat-parfumerie","8":"first","9":"instock","10":"shipping-taxable","11":"purchasable","12":"product-type-simple","13":"add-to-wishlist-after_add_to_cart"},"aioseo_notices":[],"_links":{"self":[{"href":"https:\/\/pararepublique.com\/index.php\/wp-json\/wp\/v2\/product\/15224","targetHints":{"allow":["GET"]}}],"collection":[{"href":"https:\/\/pararepublique.com\/index.php\/wp-json\/wp\/v2\/product"}],"about":[{"href":"https:\/\/pararepublique.com\/index.php\/wp-json\/wp\/v2\/types\/product"}],"replies":[{"embeddable":true,"href":"https:\/\/pararepublique.com\/index.php\/wp-json\/wp\/v2\/comments?post=15224"}],"version-history":[{"count":1,"href":"https:\/\/pararepublique.com\/index.php\/wp-json\/wp\/v2\/product\/15224\/revisions"}],"predecessor-version":[{"id":15226,"href":"https:\/\/pararepublique.com\/index.php\/wp-json\/wp\/v2\/product\/15224\/revisions\/15226"}],"wp:featuredmedia":[{"embeddable":true,"href":"https:\/\/pararepublique.com\/index.php\/wp-json\/wp\/v2\/media\/15225"}],"wp:attachment":[{"href":"https:\/\/pararepublique.com\/index.php\/wp-json\/wp\/v2\/media?parent=15224"}],"wp:term":[{"taxonomy":"product_cat","embeddable":true,"href":"https:\/\/pararepublique.com\/index.php\/wp-json\/wp\/v2\/product_cat?post=15224"},{"taxonomy":"product_tag","embeddable":true,"href":"https:\/\/pararepublique.com\/index.php\/wp-json\/wp\/v2\/product_tag?post=15224"}],"curies":[{"name":"wp","href":"https:\/\/api.w.org\/{rel}","templated":true}]}}