{"id":15230,"date":"2024-12-22T22:02:05","date_gmt":"2024-12-22T22:02:05","guid":{"rendered":"https:\/\/pararepublique.com\/?post_type=product&#038;p=15230"},"modified":"2024-12-22T22:02:06","modified_gmt":"2024-12-22T22:02:06","slug":"parfum-burberry-london-femme-edp-100ml","status":"publish","type":"product","link":"https:\/\/pararepublique.com\/index.php\/product\/parfum-burberry-london-femme-edp-100ml\/","title":{"rendered":"PARFUM BURBERRY LONDON FEMME EDP 100ML"},"content":{"rendered":"<div class=\"WAZqE7 QfrfFD cell\">\n<section class=\"Va_ZoC\" data-hook=\"description-wrapper\">\n<div class=\"LvOu6J\">\n<div class=\"vaI0UH\" data-hook=\"content-wrapper\">\n<p>Burberry London for Women est un oriental fruit\u00e9 \u00e0 la fois frais et sensuel.<br \/>\nL&rsquo;acidit\u00e9 de la pomme verte et de la bergamote se m\u00eale \u00e0 la hardiesse de la tag\u00e8te.<br \/>\nLa fragrance s&rsquo;ouvre ensuite sur la richesse du jasmin et du bois de santal, de la mousse de ch\u00eane et du c\u00e8dre.<br \/>\nLes musques et la vanille donnent une tonalit\u00e9 plus chaleureuse et plus voluptueuse au parfum.<br \/>\nNotes olfactives<br \/>\nBergamote, Tag\u00e8te, Lavande, Thym, Menthe, G\u00e9ranium, Bois de Santal, Mousse, Ambre, F\u00e8ve Tonka, C\u00e8dre.<\/p>\n<\/div>\n<\/div>\n<\/section>\n<\/div>\n","protected":false},"excerpt":{"rendered":"<p>Eau de parfum BURBERRY LONDON WOMEN, 100ml<\/p>\n","protected":false},"featured_media":15231,"comment_status":"open","ping_status":"closed","template":"","meta":{"inline_featured_image":false,"_monsterinsights_skip_tracking":false,"_monsterinsights_sitenote_active":false,"_monsterinsights_sitenote_note":"","_monsterinsights_sitenote_category":0,"_joinchat":[]},"product_cat":[106],"product_tag":[],"class_list":{"0":"post-15230","1":"product","2":"type-product","3":"status-publish","4":"has-post-thumbnail","6":"product_cat-parfumerie","8":"first","9":"instock","10":"shipping-taxable","11":"purchasable","12":"product-type-simple","13":"add-to-wishlist-after_add_to_cart"},"aioseo_notices":[],"_links":{"self":[{"href":"https:\/\/pararepublique.com\/index.php\/wp-json\/wp\/v2\/product\/15230","targetHints":{"allow":["GET"]}}],"collection":[{"href":"https:\/\/pararepublique.com\/index.php\/wp-json\/wp\/v2\/product"}],"about":[{"href":"https:\/\/pararepublique.com\/index.php\/wp-json\/wp\/v2\/types\/product"}],"replies":[{"embeddable":true,"href":"https:\/\/pararepublique.com\/index.php\/wp-json\/wp\/v2\/comments?post=15230"}],"version-history":[{"count":2,"href":"https:\/\/pararepublique.com\/index.php\/wp-json\/wp\/v2\/product\/15230\/revisions"}],"predecessor-version":[{"id":15233,"href":"https:\/\/pararepublique.com\/index.php\/wp-json\/wp\/v2\/product\/15230\/revisions\/15233"}],"wp:featuredmedia":[{"embeddable":true,"href":"https:\/\/pararepublique.com\/index.php\/wp-json\/wp\/v2\/media\/15231"}],"wp:attachment":[{"href":"https:\/\/pararepublique.com\/index.php\/wp-json\/wp\/v2\/media?parent=15230"}],"wp:term":[{"taxonomy":"product_cat","embeddable":true,"href":"https:\/\/pararepublique.com\/index.php\/wp-json\/wp\/v2\/product_cat?post=15230"},{"taxonomy":"product_tag","embeddable":true,"href":"https:\/\/pararepublique.com\/index.php\/wp-json\/wp\/v2\/product_tag?post=15230"}],"curies":[{"name":"wp","href":"https:\/\/api.w.org\/{rel}","templated":true}]}}