{"id":15320,"date":"2024-12-23T11:30:11","date_gmt":"2024-12-23T11:30:11","guid":{"rendered":"https:\/\/pararepublique.com\/?post_type=product&#038;p=15320"},"modified":"2024-12-23T11:30:12","modified_gmt":"2024-12-23T11:30:12","slug":"parfum-essence-note-pamplemousse-basil-100ml","status":"publish","type":"product","link":"https:\/\/pararepublique.com\/index.php\/product\/parfum-essence-note-pamplemousse-basil-100ml\/","title":{"rendered":"PARFUM ESSENCE NOTE PAMPLEMOUSSE\/BASIL 100ML"},"content":{"rendered":"<p><strong class=\"highlight\">Bonne Humeur<\/strong> : en composant cet accord, nos ma\u00eetres parfumeurs ont souhait\u00e9 offrir une eau de parfum p\u00e9tillante qui stimule votre \u00e9nergie.<\/p>\n<p>Sublime alliance fra\u00eeche et tonifiante du Pamplemousse &amp; Basilic.<br \/>\nAssemblage de 4 huiles essentielles aux propri\u00e9t\u00e9s dynamisantes et vivifiantes.<br \/>\nEau de parfum artisanale 100% confectionn\u00e9e \u00e0 Grasse.<\/p>\n","protected":false},"excerpt":{"rendered":"<p><strong class=\"highlight\">Bonne Humeur<\/strong> : en composant cet accord, nos ma\u00eetres parfumeurs ont souhait\u00e9 offrir une eau de parfum p\u00e9tillante qui stimule votre \u00e9nergie.<\/p>\n","protected":false},"featured_media":15321,"comment_status":"open","ping_status":"closed","template":"","meta":{"inline_featured_image":false,"_monsterinsights_skip_tracking":false,"_monsterinsights_sitenote_active":false,"_monsterinsights_sitenote_note":"","_monsterinsights_sitenote_category":0,"_joinchat":[]},"product_cat":[106],"product_tag":[],"class_list":{"0":"post-15320","1":"product","2":"type-product","3":"status-publish","4":"has-post-thumbnail","6":"product_cat-parfumerie","8":"first","9":"instock","10":"shipping-taxable","11":"purchasable","12":"product-type-simple","13":"add-to-wishlist-after_add_to_cart"},"aioseo_notices":[],"_links":{"self":[{"href":"https:\/\/pararepublique.com\/index.php\/wp-json\/wp\/v2\/product\/15320","targetHints":{"allow":["GET"]}}],"collection":[{"href":"https:\/\/pararepublique.com\/index.php\/wp-json\/wp\/v2\/product"}],"about":[{"href":"https:\/\/pararepublique.com\/index.php\/wp-json\/wp\/v2\/types\/product"}],"replies":[{"embeddable":true,"href":"https:\/\/pararepublique.com\/index.php\/wp-json\/wp\/v2\/comments?post=15320"}],"version-history":[{"count":2,"href":"https:\/\/pararepublique.com\/index.php\/wp-json\/wp\/v2\/product\/15320\/revisions"}],"predecessor-version":[{"id":15323,"href":"https:\/\/pararepublique.com\/index.php\/wp-json\/wp\/v2\/product\/15320\/revisions\/15323"}],"wp:featuredmedia":[{"embeddable":true,"href":"https:\/\/pararepublique.com\/index.php\/wp-json\/wp\/v2\/media\/15321"}],"wp:attachment":[{"href":"https:\/\/pararepublique.com\/index.php\/wp-json\/wp\/v2\/media?parent=15320"}],"wp:term":[{"taxonomy":"product_cat","embeddable":true,"href":"https:\/\/pararepublique.com\/index.php\/wp-json\/wp\/v2\/product_cat?post=15320"},{"taxonomy":"product_tag","embeddable":true,"href":"https:\/\/pararepublique.com\/index.php\/wp-json\/wp\/v2\/product_tag?post=15320"}],"curies":[{"name":"wp","href":"https:\/\/api.w.org\/{rel}","templated":true}]}}