{"id":15335,"date":"2024-12-23T11:41:21","date_gmt":"2024-12-23T11:41:21","guid":{"rendered":"https:\/\/pararepublique.com\/?post_type=product&#038;p=15335"},"modified":"2024-12-23T11:41:21","modified_gmt":"2024-12-23T11:41:21","slug":"parfum-estee-lauder-aromtics-elixir","status":"publish","type":"product","link":"https:\/\/pararepublique.com\/index.php\/product\/parfum-estee-lauder-aromtics-elixir\/","title":{"rendered":"PARFUM ESTEE LAUDER AROMTICS ELIXIR"},"content":{"rendered":"<div class=\"WAZqE7 QfrfFD cell\">\n<section class=\"Va_ZoC\" data-hook=\"description-wrapper\">\n<div class=\"LvOu6J\">\n<div class=\"vaI0UH\" data-hook=\"content-wrapper\">\n<p><strong>Eau de Parfum 100 ml<\/strong><\/p>\n<p>D\u00e9couvrez une Eau de parfum de type bois\u00e9 chypr\u00e9 \u00e0\u00a0 la sensualit\u00e9 pleine de myst\u00e8re. Tellement plus qu&rsquo;un parfum.<\/p>\n<p>Aromatics Elixir \u00e9veille les sens et r\u00e9v\u00e8le la sensualit\u00e9 pleine de myst\u00e8re de chaque femme.<br \/>\nUne harmonie bois\u00e9e chypr\u00e9e, avec un coeur de notes de Rose de Bulgarie, de Patchouli, d&rsquo;Iris, autour desquelles s&rsquo;exaltent des notes vivantes d&rsquo;Ylang Ylang, de V\u00e9tiver, et de Camomille.<br \/>\nEnvo\u00fbtant, intemporel, myst\u00e9rieux&#8230;<\/p>\n<\/div>\n<\/div>\n<\/section>\n<\/div>\n","protected":false},"excerpt":{"rendered":"<p>D\u00e9couvrez une Eau de parfum de type bois\u00e9 chypr\u00e9 \u00e0\u00a0 la sensualit\u00e9 pleine de myst\u00e8re. Tellement plus qu&rsquo;un parfum.<\/p>\n","protected":false},"featured_media":15336,"comment_status":"open","ping_status":"closed","template":"","meta":{"inline_featured_image":false,"_monsterinsights_skip_tracking":false,"_monsterinsights_sitenote_active":false,"_monsterinsights_sitenote_note":"","_monsterinsights_sitenote_category":0,"_joinchat":[]},"product_cat":[106],"product_tag":[],"class_list":{"0":"post-15335","1":"product","2":"type-product","3":"status-publish","4":"has-post-thumbnail","6":"product_cat-parfumerie","8":"first","9":"instock","10":"shipping-taxable","11":"purchasable","12":"product-type-simple","13":"add-to-wishlist-after_add_to_cart"},"aioseo_notices":[],"_links":{"self":[{"href":"https:\/\/pararepublique.com\/index.php\/wp-json\/wp\/v2\/product\/15335","targetHints":{"allow":["GET"]}}],"collection":[{"href":"https:\/\/pararepublique.com\/index.php\/wp-json\/wp\/v2\/product"}],"about":[{"href":"https:\/\/pararepublique.com\/index.php\/wp-json\/wp\/v2\/types\/product"}],"replies":[{"embeddable":true,"href":"https:\/\/pararepublique.com\/index.php\/wp-json\/wp\/v2\/comments?post=15335"}],"version-history":[{"count":1,"href":"https:\/\/pararepublique.com\/index.php\/wp-json\/wp\/v2\/product\/15335\/revisions"}],"predecessor-version":[{"id":15337,"href":"https:\/\/pararepublique.com\/index.php\/wp-json\/wp\/v2\/product\/15335\/revisions\/15337"}],"wp:featuredmedia":[{"embeddable":true,"href":"https:\/\/pararepublique.com\/index.php\/wp-json\/wp\/v2\/media\/15336"}],"wp:attachment":[{"href":"https:\/\/pararepublique.com\/index.php\/wp-json\/wp\/v2\/media?parent=15335"}],"wp:term":[{"taxonomy":"product_cat","embeddable":true,"href":"https:\/\/pararepublique.com\/index.php\/wp-json\/wp\/v2\/product_cat?post=15335"},{"taxonomy":"product_tag","embeddable":true,"href":"https:\/\/pararepublique.com\/index.php\/wp-json\/wp\/v2\/product_tag?post=15335"}],"curies":[{"name":"wp","href":"https:\/\/api.w.org\/{rel}","templated":true}]}}