{"id":15378,"date":"2024-12-23T12:18:57","date_gmt":"2024-12-23T12:18:57","guid":{"rendered":"https:\/\/pararepublique.com\/?post_type=product&#038;p=15378"},"modified":"2024-12-23T12:18:57","modified_gmt":"2024-12-23T12:18:57","slug":"parfum-givenchy-electric-rose","status":"publish","type":"product","link":"https:\/\/pararepublique.com\/index.php\/product\/parfum-givenchy-electric-rose\/","title":{"rendered":"PARFUM GIVENCHY ELECTRIC ROSE"},"content":{"rendered":"<p>Verte et hesp\u00e9rid\u00e9e, la t\u00eate de la fragrance est une association de myrtille et de zeste de citron, rehauss\u00e9e par un accord basilic-verveine. Le c\u0153ur floral r\u00e9v\u00e8le un bouquet de roses et de violettes. Le sillage exhale le bois de c\u00e8dre et les muscs.<\/p>\n","protected":false},"excerpt":{"rendered":"<p><b>Very Irresistible Givenchy Electric Rose<\/b> de <b>Givenchy<\/b> est un parfum Floral Vert pour femme. <b>Very Irresistible Givenchy Electric Rose<\/b> a \u00e9t\u00e9 lanc\u00e9 en 2012. Les notes de t\u00eate sont Myrtille, Citron, Verveine odorante et Basilic; les notes de coeur sont Rose, Violette et Anis; les notes de fond sont Musc et C\u00e8dre.<\/p>\n","protected":false},"featured_media":15379,"comment_status":"open","ping_status":"closed","template":"","meta":{"inline_featured_image":false,"_monsterinsights_skip_tracking":false,"_monsterinsights_sitenote_active":false,"_monsterinsights_sitenote_note":"","_monsterinsights_sitenote_category":0,"_joinchat":[]},"product_cat":[106],"product_tag":[],"class_list":{"0":"post-15378","1":"product","2":"type-product","3":"status-publish","4":"has-post-thumbnail","6":"product_cat-parfumerie","8":"first","9":"instock","10":"shipping-taxable","11":"purchasable","12":"product-type-simple","13":"add-to-wishlist-after_add_to_cart"},"aioseo_notices":[],"_links":{"self":[{"href":"https:\/\/pararepublique.com\/index.php\/wp-json\/wp\/v2\/product\/15378","targetHints":{"allow":["GET"]}}],"collection":[{"href":"https:\/\/pararepublique.com\/index.php\/wp-json\/wp\/v2\/product"}],"about":[{"href":"https:\/\/pararepublique.com\/index.php\/wp-json\/wp\/v2\/types\/product"}],"replies":[{"embeddable":true,"href":"https:\/\/pararepublique.com\/index.php\/wp-json\/wp\/v2\/comments?post=15378"}],"version-history":[{"count":2,"href":"https:\/\/pararepublique.com\/index.php\/wp-json\/wp\/v2\/product\/15378\/revisions"}],"predecessor-version":[{"id":15381,"href":"https:\/\/pararepublique.com\/index.php\/wp-json\/wp\/v2\/product\/15378\/revisions\/15381"}],"wp:featuredmedia":[{"embeddable":true,"href":"https:\/\/pararepublique.com\/index.php\/wp-json\/wp\/v2\/media\/15379"}],"wp:attachment":[{"href":"https:\/\/pararepublique.com\/index.php\/wp-json\/wp\/v2\/media?parent=15378"}],"wp:term":[{"taxonomy":"product_cat","embeddable":true,"href":"https:\/\/pararepublique.com\/index.php\/wp-json\/wp\/v2\/product_cat?post=15378"},{"taxonomy":"product_tag","embeddable":true,"href":"https:\/\/pararepublique.com\/index.php\/wp-json\/wp\/v2\/product_tag?post=15378"}],"curies":[{"name":"wp","href":"https:\/\/api.w.org\/{rel}","templated":true}]}}