{"id":15382,"date":"2024-12-23T12:21:43","date_gmt":"2024-12-23T12:21:43","guid":{"rendered":"https:\/\/pararepublique.com\/?post_type=product&#038;p=15382"},"modified":"2024-12-23T12:21:44","modified_gmt":"2024-12-23T12:21:44","slug":"parfum-givenchy-femme","status":"publish","type":"product","link":"https:\/\/pararepublique.com\/index.php\/product\/parfum-givenchy-femme\/","title":{"rendered":"PARFUM GIVENCHY FEMME"},"content":{"rendered":"<p>Un \u00e9l\u00e9gant Patchouli lact\u00e9 enveloppe une Rose velours pour cr\u00e9er la nouvelle addiction florale pour femme, Irresistible Givenchy Eau de Parfum Rose Velvet. Une fragrance captivante dans une nouvelle vague de tendresse.<\/p>\n<p>Infus\u00e9 de cassis succulent en note de t\u00eate, ce parfum pour femme d\u00e9licat r\u00e9v\u00e8le la f\u00e9minit\u00e9 de la Rose velours, fleur signature d&rsquo;Irresistible Givenchy. Au c\u0153ur de la fragrance, cette nouvelle facette florale d\u00e9voile un iris poudr\u00e9 qui se fond dans la chaleur d&rsquo;un accord de Bois Tendre et de Patchouli lact\u00e9 sensuel.<\/p>\n<p>Le flacon d\u00e9sirable rev\u00eat un laquage cr\u00e9meux rose poudr\u00e9, \u00e9voquant la tendresse du parfum. L&rsquo;\u00e9tui rose nude est orn\u00e9 d&rsquo;un pourtour rose m\u00e9tallis\u00e9 qui lui apporte une touche d\u2019\u00e9l\u00e9gance ultime.<\/p>\n<p>Irresistible Givenchy Eau de Parfum Rose Velvet, une irr\u00e9sistible attraction peau \u00e0 peau qui vous invite \u00e0 l\u00e2cher prise et \u00e0 \u00eatre vous-m\u00eame.<\/p>\n","protected":false},"excerpt":{"rendered":"<p><span class=\"title\">Pyramide olfactive :<\/span><\/p>\n<p><span class=\"notes\">Note de t\u00eate : Pure extrait de poivre rose, Absolue de bourgeon de cassis, N\u00e9roli Note de c\u0153ur : Rose Essential\u2122, Concentr\u00e9 d\u2019eau de rose, Rose Ultimate\u2122, Living\u2122 Rose Moschata Note de fond : Essence et c\u0153ur de Patchouli, Musc <\/span><\/p>\n","protected":false},"featured_media":15383,"comment_status":"open","ping_status":"closed","template":"","meta":{"inline_featured_image":false,"_monsterinsights_skip_tracking":false,"_monsterinsights_sitenote_active":false,"_monsterinsights_sitenote_note":"","_monsterinsights_sitenote_category":0,"_joinchat":[]},"product_cat":[106],"product_tag":[],"class_list":{"0":"post-15382","1":"product","2":"type-product","3":"status-publish","4":"has-post-thumbnail","6":"product_cat-parfumerie","8":"first","9":"instock","10":"shipping-taxable","11":"purchasable","12":"product-type-simple","13":"add-to-wishlist-after_add_to_cart"},"aioseo_notices":[],"_links":{"self":[{"href":"https:\/\/pararepublique.com\/index.php\/wp-json\/wp\/v2\/product\/15382","targetHints":{"allow":["GET"]}}],"collection":[{"href":"https:\/\/pararepublique.com\/index.php\/wp-json\/wp\/v2\/product"}],"about":[{"href":"https:\/\/pararepublique.com\/index.php\/wp-json\/wp\/v2\/types\/product"}],"replies":[{"embeddable":true,"href":"https:\/\/pararepublique.com\/index.php\/wp-json\/wp\/v2\/comments?post=15382"}],"version-history":[{"count":1,"href":"https:\/\/pararepublique.com\/index.php\/wp-json\/wp\/v2\/product\/15382\/revisions"}],"predecessor-version":[{"id":15384,"href":"https:\/\/pararepublique.com\/index.php\/wp-json\/wp\/v2\/product\/15382\/revisions\/15384"}],"wp:featuredmedia":[{"embeddable":true,"href":"https:\/\/pararepublique.com\/index.php\/wp-json\/wp\/v2\/media\/15383"}],"wp:attachment":[{"href":"https:\/\/pararepublique.com\/index.php\/wp-json\/wp\/v2\/media?parent=15382"}],"wp:term":[{"taxonomy":"product_cat","embeddable":true,"href":"https:\/\/pararepublique.com\/index.php\/wp-json\/wp\/v2\/product_cat?post=15382"},{"taxonomy":"product_tag","embeddable":true,"href":"https:\/\/pararepublique.com\/index.php\/wp-json\/wp\/v2\/product_tag?post=15382"}],"curies":[{"name":"wp","href":"https:\/\/api.w.org\/{rel}","templated":true}]}}