{"id":15410,"date":"2024-12-23T13:06:48","date_gmt":"2024-12-23T13:06:48","guid":{"rendered":"https:\/\/pararepublique.com\/?post_type=product&#038;p=15410"},"modified":"2024-12-23T13:06:48","modified_gmt":"2024-12-23T13:06:48","slug":"parfum-hypnotic-poison-100ml-eau-de-parfum","status":"publish","type":"product","link":"https:\/\/pararepublique.com\/index.php\/product\/parfum-hypnotic-poison-100ml-eau-de-parfum\/","title":{"rendered":"PARFUM HYPNOTIC POISON 100ML EAU DE PARFUM"},"content":{"rendered":"<p>Eau de Parfum pour Femme Flacon de 100 ml<\/p>\n<p>Le myst\u00e8re du l\u00e9gendaire fruit d\u00e9fendu subsiste dans ce philtre moderne et magique qui associe f\u00e9minit\u00e9 et audace.<br \/>\nQuatre facettes contrast\u00e9es, amande am\u00e8re et carvi, opulent jasmin sambac, myst\u00e9rieux jacaranda et vanille et musc sensuels se combinent dans cette fragrance fascinante. Envo\u00fbtant et vibrant.<\/p>\n<p>Jasmin Sambac, Feve Tonka, Vanille<\/p>\n","protected":false},"excerpt":{"rendered":"<p>Eau de Parfum pour Femme Flacon de 100 ml<\/p>\n","protected":false},"featured_media":15411,"comment_status":"open","ping_status":"closed","template":"","meta":{"inline_featured_image":false,"_monsterinsights_skip_tracking":false,"_monsterinsights_sitenote_active":false,"_monsterinsights_sitenote_note":"","_monsterinsights_sitenote_category":0,"_joinchat":[]},"product_cat":[106],"product_tag":[],"class_list":{"0":"post-15410","1":"product","2":"type-product","3":"status-publish","4":"has-post-thumbnail","6":"product_cat-parfumerie","8":"first","9":"instock","10":"shipping-taxable","11":"purchasable","12":"product-type-simple","13":"add-to-wishlist-after_add_to_cart"},"aioseo_notices":[],"_links":{"self":[{"href":"https:\/\/pararepublique.com\/index.php\/wp-json\/wp\/v2\/product\/15410","targetHints":{"allow":["GET"]}}],"collection":[{"href":"https:\/\/pararepublique.com\/index.php\/wp-json\/wp\/v2\/product"}],"about":[{"href":"https:\/\/pararepublique.com\/index.php\/wp-json\/wp\/v2\/types\/product"}],"replies":[{"embeddable":true,"href":"https:\/\/pararepublique.com\/index.php\/wp-json\/wp\/v2\/comments?post=15410"}],"version-history":[{"count":2,"href":"https:\/\/pararepublique.com\/index.php\/wp-json\/wp\/v2\/product\/15410\/revisions"}],"predecessor-version":[{"id":15413,"href":"https:\/\/pararepublique.com\/index.php\/wp-json\/wp\/v2\/product\/15410\/revisions\/15413"}],"wp:featuredmedia":[{"embeddable":true,"href":"https:\/\/pararepublique.com\/index.php\/wp-json\/wp\/v2\/media\/15411"}],"wp:attachment":[{"href":"https:\/\/pararepublique.com\/index.php\/wp-json\/wp\/v2\/media?parent=15410"}],"wp:term":[{"taxonomy":"product_cat","embeddable":true,"href":"https:\/\/pararepublique.com\/index.php\/wp-json\/wp\/v2\/product_cat?post=15410"},{"taxonomy":"product_tag","embeddable":true,"href":"https:\/\/pararepublique.com\/index.php\/wp-json\/wp\/v2\/product_tag?post=15410"}],"curies":[{"name":"wp","href":"https:\/\/api.w.org\/{rel}","templated":true}]}}