{"id":15454,"date":"2024-12-23T14:12:15","date_gmt":"2024-12-23T14:12:15","guid":{"rendered":"https:\/\/pararepublique.com\/?post_type=product&#038;p=15454"},"modified":"2024-12-23T14:12:15","modified_gmt":"2024-12-23T14:12:15","slug":"berdoues-dc-coton-spray-125ml","status":"publish","type":"product","link":"https:\/\/pararepublique.com\/index.php\/product\/berdoues-dc-coton-spray-125ml\/","title":{"rendered":"BERDOUES DC COTON SPRAY 125ML"},"content":{"rendered":"<p>Coton, une eau de Cologne tendre qui s\u2019ouvre avec \u00e9clat gr\u00e2ce \u00e0 la fra\u00eecheur de la Bergamote.<\/p>\n<p>Le c\u0153ur s\u2019\u00e9panouit sur un bouquet floral r\u00e9confortant et enveloppant sublim\u00e9 par le beurre d\u2019Iris et le musc qui r\u00e9v\u00e8lent un sillage rassurant et d\u00e9licat.<\/p>\n<p>Contenance : 125 ML<\/p>\n","protected":false},"excerpt":{"rendered":"<p>Coton, une eau de Cologne tendre qui s\u2019ouvre avec \u00e9clat gr\u00e2ce \u00e0 la fra\u00eecheur de la Bergamote.<\/p>\n","protected":false},"featured_media":15455,"comment_status":"open","ping_status":"closed","template":"","meta":{"inline_featured_image":false,"_monsterinsights_skip_tracking":false,"_monsterinsights_sitenote_active":false,"_monsterinsights_sitenote_note":"","_monsterinsights_sitenote_category":0,"_joinchat":[]},"product_cat":[106],"product_tag":[],"class_list":{"0":"post-15454","1":"product","2":"type-product","3":"status-publish","4":"has-post-thumbnail","6":"product_cat-parfumerie","8":"first","9":"instock","10":"shipping-taxable","11":"purchasable","12":"product-type-simple","13":"add-to-wishlist-after_add_to_cart"},"aioseo_notices":[],"_links":{"self":[{"href":"https:\/\/pararepublique.com\/index.php\/wp-json\/wp\/v2\/product\/15454","targetHints":{"allow":["GET"]}}],"collection":[{"href":"https:\/\/pararepublique.com\/index.php\/wp-json\/wp\/v2\/product"}],"about":[{"href":"https:\/\/pararepublique.com\/index.php\/wp-json\/wp\/v2\/types\/product"}],"replies":[{"embeddable":true,"href":"https:\/\/pararepublique.com\/index.php\/wp-json\/wp\/v2\/comments?post=15454"}],"version-history":[{"count":2,"href":"https:\/\/pararepublique.com\/index.php\/wp-json\/wp\/v2\/product\/15454\/revisions"}],"predecessor-version":[{"id":15457,"href":"https:\/\/pararepublique.com\/index.php\/wp-json\/wp\/v2\/product\/15454\/revisions\/15457"}],"wp:featuredmedia":[{"embeddable":true,"href":"https:\/\/pararepublique.com\/index.php\/wp-json\/wp\/v2\/media\/15455"}],"wp:attachment":[{"href":"https:\/\/pararepublique.com\/index.php\/wp-json\/wp\/v2\/media?parent=15454"}],"wp:term":[{"taxonomy":"product_cat","embeddable":true,"href":"https:\/\/pararepublique.com\/index.php\/wp-json\/wp\/v2\/product_cat?post=15454"},{"taxonomy":"product_tag","embeddable":true,"href":"https:\/\/pararepublique.com\/index.php\/wp-json\/wp\/v2\/product_tag?post=15454"}],"curies":[{"name":"wp","href":"https:\/\/api.w.org\/{rel}","templated":true}]}}