{"id":15564,"date":"2024-12-23T16:05:04","date_gmt":"2024-12-23T16:05:04","guid":{"rendered":"https:\/\/pararepublique.com\/?post_type=product&#038;p=15564"},"modified":"2024-12-23T16:05:05","modified_gmt":"2024-12-23T16:05:05","slug":"jean-paul-gaultier-madame-edp","status":"publish","type":"product","link":"https:\/\/pararepublique.com\/index.php\/product\/jean-paul-gaultier-madame-edp\/","title":{"rendered":"JEAN PAUL GAULTIER  MADAME EDP"},"content":{"rendered":"<p><b>Ma Dame Eau Fraiche<\/b> de <b>Jean Paul Gaultier<\/b> est un parfum Floral fruit\u00e9 pour femme. <b>Ma Dame Eau Fraiche<\/b> a \u00e9t\u00e9 lanc\u00e9 en 2009. Le nez derri\u00e8re ce parfum est Francis Kurkdjian. Les notes de t\u00eate sont Pamplemousse et Orange; les notes de coeur sont Rose, Grenadine et Framboise; les notes de fond sont Musc et C\u00e8dre de Virginie.<\/p>\n","protected":false},"excerpt":{"rendered":"<p>Eau de toilette Jean Paul Gaultier Madame 100 ml. Appliquer sur la peau, en particulier sur les points de pouls comme le poignet, le cou et derri\u00e8re les oreilles.<\/p>\n","protected":false},"featured_media":15565,"comment_status":"open","ping_status":"closed","template":"","meta":{"inline_featured_image":false,"_monsterinsights_skip_tracking":false,"_monsterinsights_sitenote_active":false,"_monsterinsights_sitenote_note":"","_monsterinsights_sitenote_category":0,"_joinchat":[]},"product_cat":[106],"product_tag":[],"class_list":{"0":"post-15564","1":"product","2":"type-product","3":"status-publish","4":"has-post-thumbnail","6":"product_cat-parfumerie","8":"first","9":"instock","10":"shipping-taxable","11":"purchasable","12":"product-type-simple","13":"add-to-wishlist-after_add_to_cart"},"aioseo_notices":[],"_links":{"self":[{"href":"https:\/\/pararepublique.com\/index.php\/wp-json\/wp\/v2\/product\/15564","targetHints":{"allow":["GET"]}}],"collection":[{"href":"https:\/\/pararepublique.com\/index.php\/wp-json\/wp\/v2\/product"}],"about":[{"href":"https:\/\/pararepublique.com\/index.php\/wp-json\/wp\/v2\/types\/product"}],"replies":[{"embeddable":true,"href":"https:\/\/pararepublique.com\/index.php\/wp-json\/wp\/v2\/comments?post=15564"}],"version-history":[{"count":1,"href":"https:\/\/pararepublique.com\/index.php\/wp-json\/wp\/v2\/product\/15564\/revisions"}],"predecessor-version":[{"id":15566,"href":"https:\/\/pararepublique.com\/index.php\/wp-json\/wp\/v2\/product\/15564\/revisions\/15566"}],"wp:featuredmedia":[{"embeddable":true,"href":"https:\/\/pararepublique.com\/index.php\/wp-json\/wp\/v2\/media\/15565"}],"wp:attachment":[{"href":"https:\/\/pararepublique.com\/index.php\/wp-json\/wp\/v2\/media?parent=15564"}],"wp:term":[{"taxonomy":"product_cat","embeddable":true,"href":"https:\/\/pararepublique.com\/index.php\/wp-json\/wp\/v2\/product_cat?post=15564"},{"taxonomy":"product_tag","embeddable":true,"href":"https:\/\/pararepublique.com\/index.php\/wp-json\/wp\/v2\/product_tag?post=15564"}],"curies":[{"name":"wp","href":"https:\/\/api.w.org\/{rel}","templated":true}]}}