{"id":15578,"date":"2024-12-23T16:18:20","date_gmt":"2024-12-23T16:18:20","guid":{"rendered":"https:\/\/pararepublique.com\/?post_type=product&#038;p=15578"},"modified":"2024-12-23T16:18:20","modified_gmt":"2024-12-23T16:18:20","slug":"dine-parfum-lovely-me-pretty-femme-100ml","status":"publish","type":"product","link":"https:\/\/pararepublique.com\/index.php\/product\/dine-parfum-lovely-me-pretty-femme-100ml\/","title":{"rendered":"DINE PARFUM LOVELY ME PRETTY FEMME 100ML"},"content":{"rendered":"<div class=\"elementor-element elementor-element-98b7b1d elementor-widget elementor-widget-heading\" data-id=\"98b7b1d\" data-element_type=\"widget\" data-widget_type=\"heading.default\">\n<div class=\"elementor-widget-container\">\n<p class=\"elementor-heading-title elementor-size-default\">Le Parfum Sensuel et Captivant<\/p>\n<\/div>\n<\/div>\n<div class=\"elementor-widget-container\">\n<p><em><strong>LOVELY ME<\/strong><\/em> incarne l\u2019esprit de la s\u00e9duction et de l\u2019audace avec sa composition orientale fruit\u00e9e chypr\u00e9 fleurie. Avec ses accords vibrants et son sillage captivant, LOVELY ME vous transporte dans un univers myst\u00e9rieux de passion.<\/p>\n<\/div>\n<div class=\"elementor-widget-container\">\n<p><strong>Notes de T\u00eate : <\/strong>grenade \u2013 citron<\/p>\n<p><strong>Notes de C\u0153ur :\u00a0<\/strong>rose \u2013 jasmin \u2013 p\u00eache \u2013 bois de cachemire<\/p>\n<p><strong>Notes de Fond :\u00a0<\/strong>ambre \u2013 vanille -c\u00e8dre \u2013 santal \u2013 patchouli \u2013 musc<\/p>\n<\/div>\n<div class=\"elementor-element elementor-element-ed87ca9 elementor-widget elementor-widget-text-editor\" data-id=\"ed87ca9\" data-element_type=\"widget\" data-widget_type=\"text-editor.default\">\n<div class=\"elementor-widget-container\">\n<p><em><strong>LOVELY ME<\/strong><\/em> est une d\u00e9claration d\u2019audace et de f\u00e9minit\u00e9. Cette fragrance captivante est le compagnon id\u00e9al pour la femme moderne qui avance dans la vie avec assurance et \u00e9l\u00e9gance.<\/p>\n<\/div>\n<\/div>\n","protected":false},"excerpt":{"rendered":"<div class=\"elementor-element elementor-element-b48c62d animated-slow elementor-widget elementor-widget-heading animated fadeIn\" data-id=\"b48c62d\" data-element_type=\"widget\" data-settings=\"{&quot;_animation&quot;:&quot;fadeIn&quot;}\" data-widget_type=\"heading.default\">\n<div class=\"elementor-widget-container\"><\/div>\n<\/div>\n<div class=\"elementor-element elementor-element-e827660 animated-slow elementor-widget elementor-widget-heading animated fadeIn\" data-id=\"e827660\" data-element_type=\"widget\" data-settings=\"{&quot;_animation&quot;:&quot;fadeIn&quot;}\" data-widget_type=\"heading.default\">\n<div class=\"elementor-widget-container\">\n<p class=\"elementor-heading-title elementor-size-default\">Un parfum sensuel, fantasque et captivant ! C\u2019est le contraste entre un cocktail de fruits juteux et un sublime coeur floral compos\u00e9 de rose, de lotus, de champaca, surmont\u00e9 d\u2019une orchid\u00e9e noire. En fond, la violette s\u2019enveloppe d\u2019un voile d\u2019ambre et de musc, pour une signature voluptueuse et sensuelle.<\/p>\n<\/div>\n<\/div>\n","protected":false},"featured_media":15579,"comment_status":"open","ping_status":"closed","template":"","meta":{"inline_featured_image":false,"_monsterinsights_skip_tracking":false,"_monsterinsights_sitenote_active":false,"_monsterinsights_sitenote_note":"","_monsterinsights_sitenote_category":0,"_joinchat":[]},"product_cat":[106],"product_tag":[],"class_list":{"0":"post-15578","1":"product","2":"type-product","3":"status-publish","4":"has-post-thumbnail","6":"product_cat-parfumerie","8":"first","9":"instock","10":"shipping-taxable","11":"purchasable","12":"product-type-simple","13":"add-to-wishlist-after_add_to_cart"},"aioseo_notices":[],"_links":{"self":[{"href":"https:\/\/pararepublique.com\/index.php\/wp-json\/wp\/v2\/product\/15578","targetHints":{"allow":["GET"]}}],"collection":[{"href":"https:\/\/pararepublique.com\/index.php\/wp-json\/wp\/v2\/product"}],"about":[{"href":"https:\/\/pararepublique.com\/index.php\/wp-json\/wp\/v2\/types\/product"}],"replies":[{"embeddable":true,"href":"https:\/\/pararepublique.com\/index.php\/wp-json\/wp\/v2\/comments?post=15578"}],"version-history":[{"count":2,"href":"https:\/\/pararepublique.com\/index.php\/wp-json\/wp\/v2\/product\/15578\/revisions"}],"predecessor-version":[{"id":15581,"href":"https:\/\/pararepublique.com\/index.php\/wp-json\/wp\/v2\/product\/15578\/revisions\/15581"}],"wp:featuredmedia":[{"embeddable":true,"href":"https:\/\/pararepublique.com\/index.php\/wp-json\/wp\/v2\/media\/15579"}],"wp:attachment":[{"href":"https:\/\/pararepublique.com\/index.php\/wp-json\/wp\/v2\/media?parent=15578"}],"wp:term":[{"taxonomy":"product_cat","embeddable":true,"href":"https:\/\/pararepublique.com\/index.php\/wp-json\/wp\/v2\/product_cat?post=15578"},{"taxonomy":"product_tag","embeddable":true,"href":"https:\/\/pararepublique.com\/index.php\/wp-json\/wp\/v2\/product_tag?post=15578"}],"curies":[{"name":"wp","href":"https:\/\/api.w.org\/{rel}","templated":true}]}}