{"id":15603,"date":"2024-12-26T12:54:13","date_gmt":"2024-12-26T12:54:13","guid":{"rendered":"https:\/\/pararepublique.com\/?post_type=product&#038;p=15603"},"modified":"2024-12-26T12:54:13","modified_gmt":"2024-12-26T12:54:13","slug":"boucheron-quatre-femme-edt-fl-50ml","status":"publish","type":"product","link":"https:\/\/pararepublique.com\/index.php\/product\/boucheron-quatre-femme-edt-fl-50ml\/","title":{"rendered":"BOUCHERON QUATRE FEMME EDT FL 50ML"},"content":{"rendered":"<div class=\"card w-full\">\n<div class=\"\">\n<p>Boucheron Quatre Eau de Parfum 50 ml est une exp\u00e9rience olfactive raffin\u00e9e, sensuelle et joyeuse \u00e0 la fois, qui r\u00e9unit la beaut\u00e9, l&rsquo;\u00e9l\u00e9gance et la fascination intemporelle de la marque de luxe fran\u00e7aise Boucheron. Il repr\u00e9sente une femme moderne et ind\u00e9pendante qui appr\u00e9cie le classique, mais qui aime en m\u00eame temps une touche contemporaine et fra\u00eeche dans son choix de parfums.<\/p>\n<p>Vaporis\u00e9 \u00e0 partir d&rsquo;un flacon \u00e9l\u00e9gant et styl\u00e9, le parfum se d\u00e9ploie en un feu d&rsquo;artifice olfactif qui rappelle la quintessence de l&rsquo;esth\u00e9tique de la mode et du savoir-faire de Boucheron. Les notes olfactives sont un m\u00e9lange \u00e9quilibr\u00e9 d&rsquo;accents floraux, fruit\u00e9s et bois\u00e9s, dont le caract\u00e8re unique et l&rsquo;\u00e9l\u00e9gance conf\u00e8rent une note particuli\u00e8re.<\/p>\n<p>La note de t\u00eate du parfum s&rsquo;ouvre sur la douceur vive de l&rsquo;orange am\u00e8re, qui s&rsquo;harmonise parfaitement avec les notes juteuses de la pomme verte et les notes p\u00e9tillantes d&rsquo;agrumes du citron et de la mandarine. Cette explosion fruit\u00e9e rafra\u00eechissante se fond parfaitement dans la note de c\u0153ur, qui r\u00e9v\u00e8le un bouquet de fleurs spectaculaire compos\u00e9 de jasmin, de pivoine, de rose et de fraise.<\/p>\n<p>La note de fond ajoute une chaleur sensuelle, compos\u00e9e de bois dor\u00e9, de cashmeran, de vanille, de musc et de c\u00e8dre. Ces notes bois\u00e9es chaudes conf\u00e8rent \u00e0 la fragrance profondeur et constance et compl\u00e8tent son profil.<\/p>\n<p>Boucheron Quatre Eau de Parfum 50 ml attire par son intensit\u00e9 et sa durabilit\u00e9 et laisse une impression durable. C&rsquo;est un parfum qui peut \u00eatre port\u00e9 de jour comme de nuit et qui convient aussi bien aux occasions sp\u00e9ciales qu&rsquo;\u00e0 l&rsquo;usage quotidien.<\/p>\n<p>Emball\u00e9 dans un magnifique flacon de verre carr\u00e9 qui rappelle un bijou et s&rsquo;inspire de l&#8217;embl\u00e9matique collection d&rsquo;anneaux Quatre de Boucheron, ce parfum est certainement l&rsquo;un des plus d\u00e9sirables du march\u00e9.<\/p>\n<p>L&rsquo;Eau de Parfum Boucheron Quatre 50 ml est plus qu&rsquo;un simple parfum, c&rsquo;est une expression de la personnalit\u00e9, de la f\u00e9minit\u00e9 et de la confiance en soi. Chaque gicl\u00e9e de celui-ci laisse une touche de luxe et une impression inimitable d&rsquo;\u00e9l\u00e9gance inalt\u00e9rable. Il ajoute une touche de luxe ultime \u00e0 chaque occasion et devient votre fid\u00e8le compagnon dans toutes vos aventures. Achetez-le et profitez de cette exp\u00e9rience olfactive exquise !<\/p>\n<\/div>\n<\/div>\n","protected":false},"excerpt":{"rendered":"<p>Boucheron Quatre Eau de Parfum 50 ml est une exp\u00e9rience olfactive raffin\u00e9e, sensuelle et joyeuse \u00e0 la fois, qui r\u00e9unit la beaut\u00e9, l&rsquo;\u00e9l\u00e9gance et la fascination intemporelle de la marque de luxe fran\u00e7aise Boucheron.<\/p>\n","protected":false},"featured_media":15604,"comment_status":"open","ping_status":"closed","template":"","meta":{"inline_featured_image":false,"_monsterinsights_skip_tracking":false,"_monsterinsights_sitenote_active":false,"_monsterinsights_sitenote_note":"","_monsterinsights_sitenote_category":0,"_joinchat":[]},"product_cat":[106],"product_tag":[],"class_list":{"0":"post-15603","1":"product","2":"type-product","3":"status-publish","4":"has-post-thumbnail","6":"product_cat-parfumerie","8":"first","9":"instock","10":"shipping-taxable","11":"purchasable","12":"product-type-simple","13":"add-to-wishlist-after_add_to_cart"},"aioseo_notices":[],"_links":{"self":[{"href":"https:\/\/pararepublique.com\/index.php\/wp-json\/wp\/v2\/product\/15603","targetHints":{"allow":["GET"]}}],"collection":[{"href":"https:\/\/pararepublique.com\/index.php\/wp-json\/wp\/v2\/product"}],"about":[{"href":"https:\/\/pararepublique.com\/index.php\/wp-json\/wp\/v2\/types\/product"}],"replies":[{"embeddable":true,"href":"https:\/\/pararepublique.com\/index.php\/wp-json\/wp\/v2\/comments?post=15603"}],"version-history":[{"count":2,"href":"https:\/\/pararepublique.com\/index.php\/wp-json\/wp\/v2\/product\/15603\/revisions"}],"predecessor-version":[{"id":15606,"href":"https:\/\/pararepublique.com\/index.php\/wp-json\/wp\/v2\/product\/15603\/revisions\/15606"}],"wp:featuredmedia":[{"embeddable":true,"href":"https:\/\/pararepublique.com\/index.php\/wp-json\/wp\/v2\/media\/15604"}],"wp:attachment":[{"href":"https:\/\/pararepublique.com\/index.php\/wp-json\/wp\/v2\/media?parent=15603"}],"wp:term":[{"taxonomy":"product_cat","embeddable":true,"href":"https:\/\/pararepublique.com\/index.php\/wp-json\/wp\/v2\/product_cat?post=15603"},{"taxonomy":"product_tag","embeddable":true,"href":"https:\/\/pararepublique.com\/index.php\/wp-json\/wp\/v2\/product_tag?post=15603"}],"curies":[{"name":"wp","href":"https:\/\/api.w.org\/{rel}","templated":true}]}}