{"id":15619,"date":"2024-12-26T13:12:32","date_gmt":"2024-12-26T13:12:32","guid":{"rendered":"https:\/\/pararepublique.com\/?post_type=product&#038;p=15619"},"modified":"2024-12-26T13:12:32","modified_gmt":"2024-12-26T13:12:32","slug":"parf-boucheron-fleurs","status":"publish","type":"product","link":"https:\/\/pararepublique.com\/index.php\/product\/parf-boucheron-fleurs\/","title":{"rendered":"PARF BOUCHERON FLEURS"},"content":{"rendered":"<p>Un bouquet de mati\u00e8res premi\u00e8res parmi les plus pr\u00e9cieuses, serties comme des joyaux.<\/p>\n<p>Une interpr\u00e9tation unique, \u00e0 la fois moderne et a\u00e9rienne, plus joyeuse mais toujours pr\u00e9cieuse.<\/p>\n<p>Un d\u00e9part scintillant puis p\u00e9tillant, une signature plus l\u00e9g\u00e8re, a\u00e9rienne et actuelle mais toujours aussi sensuelle.<\/p>\n<p>Tout comme un bijou pr\u00e9cieux, le parfum Boucheron vient parfaire la parure d&rsquo;une femme remarquablement belle, audacieuse et ind\u00e9pendante.<\/p>\n","protected":false},"excerpt":{"rendered":"<p>Eau de parfum BOUCHERON FLEURS 100ml<\/p>\n","protected":false},"featured_media":15621,"comment_status":"open","ping_status":"closed","template":"","meta":{"inline_featured_image":false,"_monsterinsights_skip_tracking":false,"_monsterinsights_sitenote_active":false,"_monsterinsights_sitenote_note":"","_monsterinsights_sitenote_category":0,"_joinchat":[]},"product_cat":[106],"product_tag":[],"class_list":{"0":"post-15619","1":"product","2":"type-product","3":"status-publish","4":"has-post-thumbnail","6":"product_cat-parfumerie","8":"first","9":"instock","10":"shipping-taxable","11":"purchasable","12":"product-type-simple","13":"add-to-wishlist-after_add_to_cart"},"aioseo_notices":[],"_links":{"self":[{"href":"https:\/\/pararepublique.com\/index.php\/wp-json\/wp\/v2\/product\/15619","targetHints":{"allow":["GET"]}}],"collection":[{"href":"https:\/\/pararepublique.com\/index.php\/wp-json\/wp\/v2\/product"}],"about":[{"href":"https:\/\/pararepublique.com\/index.php\/wp-json\/wp\/v2\/types\/product"}],"replies":[{"embeddable":true,"href":"https:\/\/pararepublique.com\/index.php\/wp-json\/wp\/v2\/comments?post=15619"}],"version-history":[{"count":1,"href":"https:\/\/pararepublique.com\/index.php\/wp-json\/wp\/v2\/product\/15619\/revisions"}],"predecessor-version":[{"id":15622,"href":"https:\/\/pararepublique.com\/index.php\/wp-json\/wp\/v2\/product\/15619\/revisions\/15622"}],"wp:featuredmedia":[{"embeddable":true,"href":"https:\/\/pararepublique.com\/index.php\/wp-json\/wp\/v2\/media\/15621"}],"wp:attachment":[{"href":"https:\/\/pararepublique.com\/index.php\/wp-json\/wp\/v2\/media?parent=15619"}],"wp:term":[{"taxonomy":"product_cat","embeddable":true,"href":"https:\/\/pararepublique.com\/index.php\/wp-json\/wp\/v2\/product_cat?post=15619"},{"taxonomy":"product_tag","embeddable":true,"href":"https:\/\/pararepublique.com\/index.php\/wp-json\/wp\/v2\/product_tag?post=15619"}],"curies":[{"name":"wp","href":"https:\/\/api.w.org\/{rel}","templated":true}]}}