{"id":15655,"date":"2024-12-26T13:38:29","date_gmt":"2024-12-26T13:38:29","guid":{"rendered":"https:\/\/pararepublique.com\/?post_type=product&#038;p=15655"},"modified":"2024-12-26T13:38:29","modified_gmt":"2024-12-26T13:38:29","slug":"parf-boucheron-quatre-femme-eau-de-parfum","status":"publish","type":"product","link":"https:\/\/pararepublique.com\/index.php\/product\/parf-boucheron-quatre-femme-eau-de-parfum\/","title":{"rendered":"PARF BOUCHERON QUATRE FEMME EAU DE PARFUM"},"content":{"rendered":"<div class=\"WAZqE7 QfrfFD cell\">\n<section class=\"Va_ZoC\" data-hook=\"description-wrapper\">\n<div class=\"LvOu6J\">\n<div class=\"vaI0UH\" data-hook=\"content-wrapper\">\n<p>Eau de parfum BOUCHERON QUATRE EN ROUGE 100ml<br \/>\nL\u2019eau de parfum Quatre en Rouge teint\u00e9 d\u2019un rouge passion, est une interpr\u00e9tation olfactive in\u00e9dite de la collection \u00e9ponyme du joailler.<\/p>\n<p>Un hymne \u00e0 une femme passionn\u00e9e et passionnante.<br \/>\nUn Oriental Floral Fruit\u00e9, enveloppant et sensuel.<\/p>\n<p>Cette fragrance in\u00e9dite, sans filiation avec l&rsquo;original Quatre Femme Eau de Parfum, est sublim\u00e9e par le Cassis, la Framboise et l&rsquo;essence Patchouli.<\/p>\n<\/div>\n<\/div>\n<\/section>\n<\/div>\n","protected":false},"excerpt":{"rendered":"<p>Un hymne \u00e0 une femme passionn\u00e9e et passionnante.<br \/>\nUn Oriental Floral Fruit\u00e9, enveloppant et sensuel.<\/p>\n","protected":false},"featured_media":15656,"comment_status":"open","ping_status":"closed","template":"","meta":{"inline_featured_image":false,"_monsterinsights_skip_tracking":false,"_monsterinsights_sitenote_active":false,"_monsterinsights_sitenote_note":"","_monsterinsights_sitenote_category":0,"_joinchat":[]},"product_cat":[106],"product_tag":[],"class_list":{"0":"post-15655","1":"product","2":"type-product","3":"status-publish","4":"has-post-thumbnail","6":"product_cat-parfumerie","8":"first","9":"instock","10":"shipping-taxable","11":"purchasable","12":"product-type-simple","13":"add-to-wishlist-after_add_to_cart"},"aioseo_notices":[],"_links":{"self":[{"href":"https:\/\/pararepublique.com\/index.php\/wp-json\/wp\/v2\/product\/15655","targetHints":{"allow":["GET"]}}],"collection":[{"href":"https:\/\/pararepublique.com\/index.php\/wp-json\/wp\/v2\/product"}],"about":[{"href":"https:\/\/pararepublique.com\/index.php\/wp-json\/wp\/v2\/types\/product"}],"replies":[{"embeddable":true,"href":"https:\/\/pararepublique.com\/index.php\/wp-json\/wp\/v2\/comments?post=15655"}],"version-history":[{"count":1,"href":"https:\/\/pararepublique.com\/index.php\/wp-json\/wp\/v2\/product\/15655\/revisions"}],"predecessor-version":[{"id":15657,"href":"https:\/\/pararepublique.com\/index.php\/wp-json\/wp\/v2\/product\/15655\/revisions\/15657"}],"wp:featuredmedia":[{"embeddable":true,"href":"https:\/\/pararepublique.com\/index.php\/wp-json\/wp\/v2\/media\/15656"}],"wp:attachment":[{"href":"https:\/\/pararepublique.com\/index.php\/wp-json\/wp\/v2\/media?parent=15655"}],"wp:term":[{"taxonomy":"product_cat","embeddable":true,"href":"https:\/\/pararepublique.com\/index.php\/wp-json\/wp\/v2\/product_cat?post=15655"},{"taxonomy":"product_tag","embeddable":true,"href":"https:\/\/pararepublique.com\/index.php\/wp-json\/wp\/v2\/product_tag?post=15655"}],"curies":[{"name":"wp","href":"https:\/\/api.w.org\/{rel}","templated":true}]}}