{"id":15661,"date":"2024-12-26T13:41:52","date_gmt":"2024-12-26T13:41:52","guid":{"rendered":"https:\/\/pararepublique.com\/?post_type=product&#038;p=15661"},"modified":"2024-12-26T13:41:53","modified_gmt":"2024-12-26T13:41:53","slug":"parf-coffret-black-xs","status":"publish","type":"product","link":"https:\/\/pararepublique.com\/index.php\/product\/parf-coffret-black-xs\/","title":{"rendered":"PARF COFFRET BLACK XS"},"content":{"rendered":"<p>Revendiquer ses r\u00eaves et rester libre. D\u00e9finitivement. \u00catre soi, excessivement. Black XS, parfum au charme radical. Une fra\u00eecheur qui s\u2019embrase de patchouli et d\u2019ambre noir. Instinctif et touchant. Singuli\u00e8rement vrai.<\/p>\n<h4 class=\"title-in-pitch\">Pyramide olfactive :<\/h4>\n<ul>\n<li>Notes de t\u00eate : citron, sauge, tag\u00e8tes et agrumes<\/li>\n<li>Notes de c\u0153ur : pralin\u00e9, cannelle, cardamome noire et baume de Tolu<\/li>\n<li>Notes de fond : ambre noire, patchouli, palissandre et \u00e9b\u00e8ne<\/li>\n<\/ul>\n","protected":false},"excerpt":{"rendered":"<p>L\u2019eau de toilette Black XS de Paco Rabanne est une fragrance orientale bois\u00e9e pour homme<\/p>\n","protected":false},"featured_media":15662,"comment_status":"open","ping_status":"closed","template":"","meta":{"inline_featured_image":false,"_monsterinsights_skip_tracking":false,"_monsterinsights_sitenote_active":false,"_monsterinsights_sitenote_note":"","_monsterinsights_sitenote_category":0,"_joinchat":[]},"product_cat":[106],"product_tag":[],"class_list":{"0":"post-15661","1":"product","2":"type-product","3":"status-publish","4":"has-post-thumbnail","6":"product_cat-parfumerie","8":"first","9":"instock","10":"shipping-taxable","11":"purchasable","12":"product-type-simple","13":"add-to-wishlist-after_add_to_cart"},"aioseo_notices":[],"_links":{"self":[{"href":"https:\/\/pararepublique.com\/index.php\/wp-json\/wp\/v2\/product\/15661","targetHints":{"allow":["GET"]}}],"collection":[{"href":"https:\/\/pararepublique.com\/index.php\/wp-json\/wp\/v2\/product"}],"about":[{"href":"https:\/\/pararepublique.com\/index.php\/wp-json\/wp\/v2\/types\/product"}],"replies":[{"embeddable":true,"href":"https:\/\/pararepublique.com\/index.php\/wp-json\/wp\/v2\/comments?post=15661"}],"version-history":[{"count":2,"href":"https:\/\/pararepublique.com\/index.php\/wp-json\/wp\/v2\/product\/15661\/revisions"}],"predecessor-version":[{"id":15664,"href":"https:\/\/pararepublique.com\/index.php\/wp-json\/wp\/v2\/product\/15661\/revisions\/15664"}],"wp:featuredmedia":[{"embeddable":true,"href":"https:\/\/pararepublique.com\/index.php\/wp-json\/wp\/v2\/media\/15662"}],"wp:attachment":[{"href":"https:\/\/pararepublique.com\/index.php\/wp-json\/wp\/v2\/media?parent=15661"}],"wp:term":[{"taxonomy":"product_cat","embeddable":true,"href":"https:\/\/pararepublique.com\/index.php\/wp-json\/wp\/v2\/product_cat?post=15661"},{"taxonomy":"product_tag","embeddable":true,"href":"https:\/\/pararepublique.com\/index.php\/wp-json\/wp\/v2\/product_tag?post=15661"}],"curies":[{"name":"wp","href":"https:\/\/api.w.org\/{rel}","templated":true}]}}