{"id":8411,"date":"2024-08-07T15:24:42","date_gmt":"2024-08-07T15:24:42","guid":{"rendered":"https:\/\/pararepublique.com\/?post_type=product&#038;p=8411"},"modified":"2026-01-03T18:40:14","modified_gmt":"2026-01-03T18:40:14","slug":"atoderm","status":"publish","type":"product","link":"https:\/\/pararepublique.com\/index.php\/product\/atoderm\/","title":{"rendered":"Atoderm"},"content":{"rendered":"<p>Atoderm des laboratoires Bioderma est une gamme de soins pour les peaux sensibles, tr\u00e8s s\u00e8ches, irrit\u00e9es et atopiques. Les produits et les soins Atoderm de Bioderma vont permettent de restaurer le film hydrolipidique.<\/p>\n","protected":false},"excerpt":{"rendered":"<p>Atoderm des laboratoires Bioderma est une gamme de soins pour les peaux sensibles, tr\u00e8s s\u00e8ches, irrit\u00e9es et atopiques. Les produits et les soins Atoderm de Bioderma vont permettent de restaurer le film hydrolipidique.<\/p>\n","protected":false},"featured_media":8412,"comment_status":"open","ping_status":"closed","template":"","meta":{"inline_featured_image":false,"_monsterinsights_skip_tracking":false,"_monsterinsights_sitenote_active":false,"_monsterinsights_sitenote_note":"","_monsterinsights_sitenote_category":0,"_joinchat":[]},"product_cat":[95],"product_tag":[97],"class_list":{"0":"post-8411","1":"product","2":"type-product","3":"status-publish","4":"has-post-thumbnail","6":"product_cat-bio","7":"product_tag-atoderm","9":"first","10":"instock","11":"sale","12":"shipping-taxable","13":"purchasable","14":"product-type-simple","15":"add-to-wishlist-after_add_to_cart"},"aioseo_notices":[],"_links":{"self":[{"href":"https:\/\/pararepublique.com\/index.php\/wp-json\/wp\/v2\/product\/8411","targetHints":{"allow":["GET"]}}],"collection":[{"href":"https:\/\/pararepublique.com\/index.php\/wp-json\/wp\/v2\/product"}],"about":[{"href":"https:\/\/pararepublique.com\/index.php\/wp-json\/wp\/v2\/types\/product"}],"replies":[{"embeddable":true,"href":"https:\/\/pararepublique.com\/index.php\/wp-json\/wp\/v2\/comments?post=8411"}],"version-history":[{"count":0,"href":"https:\/\/pararepublique.com\/index.php\/wp-json\/wp\/v2\/product\/8411\/revisions"}],"wp:featuredmedia":[{"embeddable":true,"href":"https:\/\/pararepublique.com\/index.php\/wp-json\/wp\/v2\/media\/8412"}],"wp:attachment":[{"href":"https:\/\/pararepublique.com\/index.php\/wp-json\/wp\/v2\/media?parent=8411"}],"wp:term":[{"taxonomy":"product_cat","embeddable":true,"href":"https:\/\/pararepublique.com\/index.php\/wp-json\/wp\/v2\/product_cat?post=8411"},{"taxonomy":"product_tag","embeddable":true,"href":"https:\/\/pararepublique.com\/index.php\/wp-json\/wp\/v2\/product_tag?post=8411"}],"curies":[{"name":"wp","href":"https:\/\/api.w.org\/{rel}","templated":true}]}}