{"id":8416,"date":"2024-08-07T15:40:00","date_gmt":"2024-08-07T15:40:00","guid":{"rendered":"https:\/\/pararepublique.com\/?post_type=product&#038;p=8416"},"modified":"2025-10-03T00:15:23","modified_gmt":"2025-10-03T00:15:23","slug":"puressentiel-anti-poux","status":"publish","type":"product","link":"https:\/\/pararepublique.com\/index.php\/product\/puressentiel-anti-poux\/","title":{"rendered":"Puressentiel-Anti-Poux"},"content":{"rendered":"<p>Actif d\u00e8s 10 minutes(1), la lotion traitante anti-poux est efficace d\u00e8s la 1\u00e8re application.<br \/>\nSa formule 100% naturelle sans insecticide neurotoxique associe un complexe d\u2019Huiles V\u00e9g\u00e9tales asphyxiant poux, larves et lentes et des huiles essentielles, aux vertus apaisantes et antiseptiques, id\u00e9ales pour calmer les d\u00e9mangeaisons du cuir chevelu.<br \/>\nFacile et pratique \u00e0 utiliser gr\u00e2ce \u00e0 son flacon avec applicateur et son peigne \u00e0 poux en acier, cette lotion anti-poux laisse les cheveux soyeux et brillants tout en les enveloppant d\u2019un parfum frais et agr\u00e9able.<\/p>\n<p>Sans silicone &#8211; Sans conservateur &#8211; Sans parfum de synth\u00e8se &#8211; Sans gaz propulseur<\/p>\n<p>(1) Etudes Puressentiel, laboratoire de parasitologie ind\u00e9pendant<\/p>\n","protected":false},"excerpt":{"rendered":"<p>Actif d\u00e8s 10 minutes(1), la lotion traitante anti-poux est efficace d\u00e8s la 1\u00e8re application.<br \/>\nSa formule 100% naturelle sans insecticide neurotoxique associe un complexe d\u2019Huiles V\u00e9g\u00e9tales asphyxiant poux, larves et lentes et des huiles essentielles, aux vertus apaisantes et antiseptiques, id\u00e9ales pour calmer les<\/p>\n","protected":false},"featured_media":8417,"comment_status":"open","ping_status":"closed","template":"","meta":{"inline_featured_image":false,"_monsterinsights_skip_tracking":false,"_monsterinsights_sitenote_active":false,"_monsterinsights_sitenote_note":"","_monsterinsights_sitenote_category":0,"_joinchat":[]},"product_cat":[99],"product_tag":[],"class_list":{"0":"post-8416","1":"product","2":"type-product","3":"status-publish","4":"has-post-thumbnail","6":"product_cat-puressentiel","8":"first","9":"instock","10":"sale","11":"shipping-taxable","12":"purchasable","13":"product-type-simple","14":"add-to-wishlist-after_add_to_cart"},"aioseo_notices":[],"_links":{"self":[{"href":"https:\/\/pararepublique.com\/index.php\/wp-json\/wp\/v2\/product\/8416","targetHints":{"allow":["GET"]}}],"collection":[{"href":"https:\/\/pararepublique.com\/index.php\/wp-json\/wp\/v2\/product"}],"about":[{"href":"https:\/\/pararepublique.com\/index.php\/wp-json\/wp\/v2\/types\/product"}],"replies":[{"embeddable":true,"href":"https:\/\/pararepublique.com\/index.php\/wp-json\/wp\/v2\/comments?post=8416"}],"version-history":[{"count":0,"href":"https:\/\/pararepublique.com\/index.php\/wp-json\/wp\/v2\/product\/8416\/revisions"}],"wp:featuredmedia":[{"embeddable":true,"href":"https:\/\/pararepublique.com\/index.php\/wp-json\/wp\/v2\/media\/8417"}],"wp:attachment":[{"href":"https:\/\/pararepublique.com\/index.php\/wp-json\/wp\/v2\/media?parent=8416"}],"wp:term":[{"taxonomy":"product_cat","embeddable":true,"href":"https:\/\/pararepublique.com\/index.php\/wp-json\/wp\/v2\/product_cat?post=8416"},{"taxonomy":"product_tag","embeddable":true,"href":"https:\/\/pararepublique.com\/index.php\/wp-json\/wp\/v2\/product_tag?post=8416"}],"curies":[{"name":"wp","href":"https:\/\/api.w.org\/{rel}","templated":true}]}}