{"id":8425,"date":"2024-08-07T15:52:03","date_gmt":"2024-08-07T15:52:03","guid":{"rendered":"https:\/\/pararepublique.com\/?post_type=product&#038;p=8425"},"modified":"2025-10-03T00:14:52","modified_gmt":"2025-10-03T00:14:52","slug":"huile-vegetale","status":"publish","type":"product","link":"https:\/\/pararepublique.com\/index.php\/product\/huile-vegetale\/","title":{"rendered":"Huile v\u00e9g\u00e9tale"},"content":{"rendered":"<p>Pour nourrir et hydrater votre peau en profondeur, les huiles v\u00e9g\u00e9tales sont vos alli\u00e9es. Certaines huiles, comme l&rsquo;huile d&rsquo;argan, l&rsquo;huile d&rsquo;amande douce et l&rsquo;huile de coco, sont particuli\u00e8rement efficaces pour apporter une hydratation intense et adoucir la peau.<\/p>\n<p>our nourrir et hydrater votre peau en profondeur, les huiles v\u00e9g\u00e9tales sont vos alli\u00e9es. Certaines huiles, comme l&rsquo;huile d&rsquo;argan, l&rsquo;huile d&rsquo;amande douce et l&rsquo;huile de coco, sont particuli\u00e8rement efficaces pour apporter une hydratation intense et adoucir la peau. Gr\u00e2ce \u00e0 leurs propri\u00e9t\u00e9s, ces huiles aident \u00e0 maintenir l&rsquo;\u00e9quilibre hydrique de la peau, pr\u00e9venant ainsi la s\u00e9cheresse et les probl\u00e8mes de desquamation. Pour une application optimale, il est recommand\u00e9 d&rsquo;utiliser et de pr\u00e9lever une petite quantit\u00e9 d&rsquo;huile et de la faire chauffer dans ses mains avant de l&rsquo;appliquer, puis de masser d\u00e9licatement sur la peau jusqu&rsquo;\u00e0 absorption compl\u00e8te.<\/p>\n<p>Les Techniques d&rsquo;Application des Huiles V\u00e9g\u00e9tales<br \/>\nL&rsquo;application correcte des huiles v\u00e9g\u00e9tales est essentielle pour maximiser leurs b\u00e9n\u00e9fices sur la peau et les cheveux. Voici quelques conseils pratiques pour une application efficace :<\/p>\n<p>La quantit\u00e9 \u00e0 utiliser :<\/p>\n<p>Il est important de doser correctement les huiles v\u00e9g\u00e9tales en cosm\u00e9tique pour \u00e9viter d&rsquo;en appliquer trop ou pas assez. La quantit\u00e9 n\u00e9cessaire peut varier en fonction de la zone d&rsquo;application, de vos besoins sp\u00e9cifiques et du type de peau. En g\u00e9n\u00e9ral, il est recommand\u00e9 de pr\u00e9lever une petite quantit\u00e9 d&rsquo;huile dans le creux de la main, puis de l&rsquo;appliquer progressivement en fonction de l&rsquo;\u00e9tendue de la zone \u00e0 traiter. Commencez par une petite quantit\u00e9 et ajoutez-en au besoin, en veillant \u00e0 ne pas surcharger la peau ou les cheveux.<\/p>\n","protected":false},"excerpt":{"rendered":"<p>Pour nourrir et hydrater votre peau en profondeur, les huiles v\u00e9g\u00e9tales sont vos alli\u00e9es. Certaines huiles, comme l&rsquo;huile d&rsquo;argan, l&rsquo;huile d&rsquo;amande douce et l&rsquo;huile de coco, sont particuli\u00e8rement efficaces pour apporter une hydratation intense et adoucir la peau.<\/p>\n","protected":false},"featured_media":8426,"comment_status":"open","ping_status":"closed","template":"","meta":{"inline_featured_image":false,"_monsterinsights_skip_tracking":false,"_monsterinsights_sitenote_active":false,"_monsterinsights_sitenote_note":"","_monsterinsights_sitenote_category":0,"_joinchat":[]},"product_cat":[99],"product_tag":[100],"class_list":{"0":"post-8425","1":"product","2":"type-product","3":"status-publish","4":"has-post-thumbnail","6":"product_cat-puressentiel","7":"product_tag-huile","9":"first","10":"instock","11":"sale","12":"shipping-taxable","13":"purchasable","14":"product-type-simple","15":"add-to-wishlist-after_add_to_cart"},"aioseo_notices":[],"_links":{"self":[{"href":"https:\/\/pararepublique.com\/index.php\/wp-json\/wp\/v2\/product\/8425","targetHints":{"allow":["GET"]}}],"collection":[{"href":"https:\/\/pararepublique.com\/index.php\/wp-json\/wp\/v2\/product"}],"about":[{"href":"https:\/\/pararepublique.com\/index.php\/wp-json\/wp\/v2\/types\/product"}],"replies":[{"embeddable":true,"href":"https:\/\/pararepublique.com\/index.php\/wp-json\/wp\/v2\/comments?post=8425"}],"version-history":[{"count":0,"href":"https:\/\/pararepublique.com\/index.php\/wp-json\/wp\/v2\/product\/8425\/revisions"}],"wp:featuredmedia":[{"embeddable":true,"href":"https:\/\/pararepublique.com\/index.php\/wp-json\/wp\/v2\/media\/8426"}],"wp:attachment":[{"href":"https:\/\/pararepublique.com\/index.php\/wp-json\/wp\/v2\/media?parent=8425"}],"wp:term":[{"taxonomy":"product_cat","embeddable":true,"href":"https:\/\/pararepublique.com\/index.php\/wp-json\/wp\/v2\/product_cat?post=8425"},{"taxonomy":"product_tag","embeddable":true,"href":"https:\/\/pararepublique.com\/index.php\/wp-json\/wp\/v2\/product_tag?post=8425"}],"curies":[{"name":"wp","href":"https:\/\/api.w.org\/{rel}","templated":true}]}}