{"id":8429,"date":"2024-08-07T15:59:41","date_gmt":"2024-08-07T15:59:41","guid":{"rendered":"https:\/\/pararepublique.com\/?post_type=product&#038;p=8429"},"modified":"2024-09-12T12:43:06","modified_gmt":"2024-09-12T12:43:06","slug":"sommeil-detente","status":"publish","type":"product","link":"https:\/\/pararepublique.com\/index.php\/product\/sommeil-detente\/","title":{"rendered":"Sommeil d\u00e9tente"},"content":{"rendered":"<p>Issu de l&rsquo;aromath\u00e9rapie et mis au point avec des huiles essentielles botaniquement et biochimiquement d\u00e9finies, le Spray a\u00e9rien Sommeil d\u00e9tente dispose de propri\u00e9t\u00e9s relaxantes qui sauront s&rsquo;av\u00e9rer b\u00e9n\u00e9fiques quel que soit le moment o\u00f9 vous l&rsquo;utilisez. Lorsqu&rsquo;il est vaporis\u00e9 en journ\u00e9e, il permet de procurer de la d\u00e9tente et du repos tout en contribuant \u00e0 calmer les tensions qui se sont accumul\u00e9es au cours de la journ\u00e9e. La nuit, il se montre vertueux en pr\u00e9parant \u00e0 l&rsquo;endormissement et en aidant \u00e0 passer des nuits calmes, sereines et r\u00e9paratrices.<\/p>\n<p>Parmi les 12 huiles essentielles qui ont \u00e9t\u00e9 s\u00e9lectionn\u00e9es par Puressentiel pour l&rsquo;\u00e9laboration de ce Spray a\u00e9rien Sommeil d\u00e9tente, on retrouve du Bois de rose d&rsquo;Asie, de la Camomille romaine, du Cypr\u00e8s, de la Lavande vraie, du Lemongrass, de la Mandarine, de la Marjolaine, du N\u00e9roli, de l&rsquo;Orange, du Palmarosa, du Petit grain bigarade et du Santal. Cette synergie exprime des propri\u00e9t\u00e9s apaisantes, relaxantes et tranquillisantes qui favorisent naturellement la d\u00e9tente, la relaxation et le sommeil. Elle laisse \u00e9galement un parfum des plus agr\u00e9ables dans la pi\u00e8ce et la rend parfaitement propice \u00e0 une ambiance sereine et paisible.<\/p>\n","protected":false},"excerpt":{"rendered":"<p>Issu de l&rsquo;aromath\u00e9rapie et mis au point avec des huiles essentielles botaniquement et biochimiquement d\u00e9finies, le Spray a\u00e9rien Sommeil d\u00e9tente dispose de propri\u00e9t\u00e9s relaxantes qui sauront s&rsquo;av\u00e9rer b\u00e9n\u00e9fiques quel que soit le moment o\u00f9 vous l&rsquo;utilisez. Lorsqu&rsquo;il est vaporis\u00e9 en journ\u00e9e, il permet de procurer de la d\u00e9tente et du repos tout en contribuant \u00e0 calmer les tensions qui se sont accumul\u00e9es au cours de la journ\u00e9e. La nuit, il se montre vertueux en pr\u00e9parant \u00e0 l&rsquo;endormissement et en aidant \u00e0 passer des nuits calmes, sereines et r\u00e9paratrices<\/p>\n","protected":false},"featured_media":8430,"comment_status":"open","ping_status":"closed","template":"","meta":{"inline_featured_image":false,"_monsterinsights_skip_tracking":false,"_monsterinsights_sitenote_active":false,"_monsterinsights_sitenote_note":"","_monsterinsights_sitenote_category":0,"_joinchat":[]},"product_cat":[99],"product_tag":[102],"class_list":{"0":"post-8429","1":"product","2":"type-product","3":"status-publish","4":"has-post-thumbnail","6":"product_cat-puressentiel","7":"product_tag-detente","9":"first","10":"instock","11":"sale","12":"shipping-taxable","13":"purchasable","14":"product-type-simple","15":"add-to-wishlist-after_add_to_cart"},"aioseo_notices":[],"_links":{"self":[{"href":"https:\/\/pararepublique.com\/index.php\/wp-json\/wp\/v2\/product\/8429","targetHints":{"allow":["GET"]}}],"collection":[{"href":"https:\/\/pararepublique.com\/index.php\/wp-json\/wp\/v2\/product"}],"about":[{"href":"https:\/\/pararepublique.com\/index.php\/wp-json\/wp\/v2\/types\/product"}],"replies":[{"embeddable":true,"href":"https:\/\/pararepublique.com\/index.php\/wp-json\/wp\/v2\/comments?post=8429"}],"version-history":[{"count":0,"href":"https:\/\/pararepublique.com\/index.php\/wp-json\/wp\/v2\/product\/8429\/revisions"}],"wp:featuredmedia":[{"embeddable":true,"href":"https:\/\/pararepublique.com\/index.php\/wp-json\/wp\/v2\/media\/8430"}],"wp:attachment":[{"href":"https:\/\/pararepublique.com\/index.php\/wp-json\/wp\/v2\/media?parent=8429"}],"wp:term":[{"taxonomy":"product_cat","embeddable":true,"href":"https:\/\/pararepublique.com\/index.php\/wp-json\/wp\/v2\/product_cat?post=8429"},{"taxonomy":"product_tag","embeddable":true,"href":"https:\/\/pararepublique.com\/index.php\/wp-json\/wp\/v2\/product_tag?post=8429"}],"curies":[{"name":"wp","href":"https:\/\/api.w.org\/{rel}","templated":true}]}}